{"version":"1.0","provider_name":"IFG","provider_url":"https:\/\/www.ifg.gr\/fr\/","author_name":"Danai Tezapsidou","author_url":"https:\/\/www.ifg.gr\/fr\/author\/danai\/","title":"Lilian Thuram, invit\u00e9 au 1er Festival international de litt\u00e9rature d\u2019Ath\u00e8nes","type":"rich","width":600,"height":338,"html":"<blockquote class=\"wp-embedded-content\" data-secret=\"k4L4DfKCKV\"><a href=\"https:\/\/www.ifg.gr\/fr\/events\/lilian-thuram-festival-international-litterature-athenes\/\">Lilian Thuram, invit\u00e9 au 1er Festival international de litt\u00e9rature d\u2019Ath\u00e8nes<\/a><\/blockquote><iframe sandbox=\"allow-scripts\" security=\"restricted\" src=\"https:\/\/www.ifg.gr\/fr\/events\/lilian-thuram-festival-international-litterature-athenes\/embed\/#?secret=k4L4DfKCKV\" width=\"600\" height=\"338\" title=\"\u00ab\u00a0Lilian Thuram, invit\u00e9 au 1er Festival international de litt\u00e9rature d\u2019Ath\u00e8nes\u00a0\u00bb &#8212; IFG\" data-secret=\"k4L4DfKCKV\" frameborder=\"0\" marginwidth=\"0\" marginheight=\"0\" scrolling=\"no\" class=\"wp-embedded-content\"><\/iframe><script type=\"text\/javascript\">\n\/* <![CDATA[ *\/\n\/*! This file is auto-generated *\/\n!function(d,l){\"use strict\";l.querySelector&&d.addEventListener&&\"undefined\"!=typeof URL&&(d.wp=d.wp||{},d.wp.receiveEmbedMessage||(d.wp.receiveEmbedMessage=function(e){var t=e.data;if((t||t.secret||t.message||t.value)&&!\/[^a-zA-Z0-9]\/.test(t.secret)){for(var s,r,n,a=l.querySelectorAll('iframe[data-secret=\"'+t.secret+'\"]'),o=l.querySelectorAll('blockquote[data-secret=\"'+t.secret+'\"]'),c=new RegExp(\"^https?:$\",\"i\"),i=0;i<o.length;i++)o[i].style.display=\"none\";for(i=0;i<a.length;i++)s=a[i],e.source===s.contentWindow&&(s.removeAttribute(\"style\"),\"height\"===t.message?(1e3<(r=parseInt(t.value,10))?r=1e3:~~r<200&&(r=200),s.height=r):\"link\"===t.message&&(r=new URL(s.getAttribute(\"src\")),n=new URL(t.value),c.test(n.protocol))&&n.host===r.host&&l.activeElement===s&&(d.top.location.href=t.value))}},d.addEventListener(\"message\",d.wp.receiveEmbedMessage,!1),l.addEventListener(\"DOMContentLoaded\",function(){for(var e,t,s=l.querySelectorAll(\"iframe.wp-embedded-content\"),r=0;r<s.length;r++)(t=(e=s[r]).getAttribute(\"data-secret\"))||(t=Math.random().toString(36).substring(2,12),e.src+=\"#?secret=\"+t,e.setAttribute(\"data-secret\",t)),e.contentWindow.postMessage({message:\"ready\",secret:t},\"*\")},!1)))}(window,document);\n\/\/# sourceURL=https:\/\/www.ifg.gr\/wp-includes\/js\/wp-embed.min.js\n\/* ]]> *\/\n<\/script>\n","thumbnail_url":"https:\/\/www.ifg.gr\/wp-content\/uploads\/2026\/03\/AILF__1200x800.jpg","thumbnail_width":1667,"thumbnail_height":1111,"description":"Ne ratez pas la rencontre avec une figure de proue du combat pour l\u2019\u00e9galit\u00e9 et contre le racisme, \u00e0 l\u2019occasion de la parution de son dernier ouvrage, \u00ab La Pens\u00e9e blanche \u00bb."}

Lilian Thuram, invité au 1er Festival international de littérature d’Athènes

<blockquote class="wp-embedded-content" data-secret="k4L4DfKCKV"><a href="https://www.ifg.gr/fr/events/lilian-thuram-festival-international-litterature-athenes/">Lilian Thuram, invité au 1er Festival international de littérature d’Athènes</a></blockquote><iframe sandbox="allow-scripts" security="restricted" src="https://www.ifg.gr/fr/events/lilian-thuram-festival-international-litterature-athenes/embed/#?secret=k4L4DfKCKV" width="600" height="338" title="« Lilian Thuram, invité au 1er Festival international de littérature d’Athènes » &#8212; IFG" data-secret="k4L4DfKCKV" frameborder="0" marginwidth="0" marginheight="0" scrolling="no" class="wp-embedded-content"></iframe><script type="text/javascript">
/* <![CDATA[ */
/*! This file is auto-generated */
!function(d,l){"use strict";l.querySelector&&d.addEventListener&&"undefined"!=typeof URL&&(d.wp=d.wp||{},d.wp.receiveEmbedMessage||(d.wp.receiveEmbedMessage=function(e){var t=e.data;if((t||t.secret||t.message||t.value)&&!/[^a-zA-Z0-9]/.test(t.secret)){for(var s,r,n,a=l.querySelectorAll('iframe[data-secret="'+t.secret+'"]'),o=l.querySelectorAll('blockquote[data-secret="'+t.secret+'"]'),c=new RegExp("^https?:$","i"),i=0;i<o.length;i++)o[i].style.display="none";for(i=0;i<a.length;i++)s=a[i],e.source===s.contentWindow&&(s.removeAttribute("style"),"height"===t.message?(1e3<(r=parseInt(t.value,10))?r=1e3:~~r<200&&(r=200),s.height=r):"link"===t.message&&(r=new URL(s.getAttribute("src")),n=new URL(t.value),c.test(n.protocol))&&n.host===r.host&&l.activeElement===s&&(d.top.location.href=t.value))}},d.addEventListener("message",d.wp.receiveEmbedMessage,!1),l.addEventListener("DOMContentLoaded",function(){for(var e,t,s=l.querySelectorAll("iframe.wp-embedded-content"),r=0;r<s.length;r++)(t=(e=s[r]).getAttribute("data-secret"))||(t=Math.random().toString(36).substring(2,12),e.src+="#?secret="+t,e.setAttribute("data-secret",t)),e.contentWindow.postMessage({message:"ready",secret:t},"*")},!1)))}(window,document);
//# sourceURL=https://www.ifg.gr/wp-includes/js/wp-embed.min.js
/* ]]> */
</script>

Ne ratez pas la rencontre avec une figure de proue du combat pour l’égalité et contre le racisme, à l’occasion de la parution de son dernier ouvrage, « La Pensée blanche ».
