{"version":"1.0","provider_name":"IFG","provider_url":"https:\/\/www.ifg.gr\/fr\/","author_name":"Danai Tezapsidou","author_url":"https:\/\/www.ifg.gr\/fr\/author\/danai\/","title":"L'Institut fran\u00e7ais de Gr\u00e8ce accompagne la d\u00e9l\u00e9gation grecque au programme de danse Canal 2026","type":"rich","width":600,"height":338,"html":"<blockquote class=\"wp-embedded-content\" data-secret=\"mLAQPrUw2L\"><a href=\"https:\/\/www.ifg.gr\/fr\/news\/delegation-grecque-programme-canal-2026\/\">L&rsquo;Institut fran\u00e7ais de Gr\u00e8ce accompagne la d\u00e9l\u00e9gation grecque au programme de danse Canal 2026<\/a><\/blockquote><iframe sandbox=\"allow-scripts\" security=\"restricted\" src=\"https:\/\/www.ifg.gr\/fr\/news\/delegation-grecque-programme-canal-2026\/embed\/#?secret=mLAQPrUw2L\" width=\"600\" height=\"338\" title=\"\u00ab\u00a0L&rsquo;Institut fran\u00e7ais de Gr\u00e8ce accompagne la d\u00e9l\u00e9gation grecque au programme de danse Canal 2026\u00a0\u00bb &#8212; IFG\" data-secret=\"mLAQPrUw2L\" frameborder=\"0\" marginwidth=\"0\" marginheight=\"0\" scrolling=\"no\" class=\"wp-embedded-content\"><\/iframe><script type=\"text\/javascript\">\n\/* <![CDATA[ *\/\n\/*! This file is auto-generated *\/\n!function(d,l){\"use strict\";l.querySelector&&d.addEventListener&&\"undefined\"!=typeof URL&&(d.wp=d.wp||{},d.wp.receiveEmbedMessage||(d.wp.receiveEmbedMessage=function(e){var t=e.data;if((t||t.secret||t.message||t.value)&&!\/[^a-zA-Z0-9]\/.test(t.secret)){for(var s,r,n,a=l.querySelectorAll('iframe[data-secret=\"'+t.secret+'\"]'),o=l.querySelectorAll('blockquote[data-secret=\"'+t.secret+'\"]'),c=new RegExp(\"^https?:$\",\"i\"),i=0;i<o.length;i++)o[i].style.display=\"none\";for(i=0;i<a.length;i++)s=a[i],e.source===s.contentWindow&&(s.removeAttribute(\"style\"),\"height\"===t.message?(1e3<(r=parseInt(t.value,10))?r=1e3:~~r<200&&(r=200),s.height=r):\"link\"===t.message&&(r=new URL(s.getAttribute(\"src\")),n=new URL(t.value),c.test(n.protocol))&&n.host===r.host&&l.activeElement===s&&(d.top.location.href=t.value))}},d.addEventListener(\"message\",d.wp.receiveEmbedMessage,!1),l.addEventListener(\"DOMContentLoaded\",function(){for(var e,t,s=l.querySelectorAll(\"iframe.wp-embedded-content\"),r=0;r<s.length;r++)(t=(e=s[r]).getAttribute(\"data-secret\"))||(t=Math.random().toString(36).substring(2,12),e.src+=\"#?secret=\"+t,e.setAttribute(\"data-secret\",t)),e.contentWindow.postMessage({message:\"ready\",secret:t},\"*\")},!1)))}(window,document);\n\/\/# sourceURL=https:\/\/www.ifg.gr\/wp-includes\/js\/wp-embed.min.js\n\/* ]]> *\/\n<\/script>\n","thumbnail_url":"https:\/\/www.ifg.gr\/wp-content\/uploads\/2026\/01\/CANAL__1200X800.jpg","thumbnail_width":1200,"thumbnail_height":800,"description":"Le Festival international de danse de Kalamata, le Festival d\u2019Ath\u00e8nes et d\u2019\u00c9pidaure et Onassis Stegi, se rendront \u00e0 Paris pour participer au programme Canal, organis\u00e9 chaque ann\u00e9e par le Centre national de la danse (CN D) en France et qui, cette ann\u00e9e, met \u00e0 l\u2019honneur les pays des Balkans."}

L'Institut français de Grèce accompagne la délégation grecque au programme de danse Canal 2026

<blockquote class="wp-embedded-content" data-secret="mLAQPrUw2L"><a href="https://www.ifg.gr/fr/news/delegation-grecque-programme-canal-2026/">L&rsquo;Institut français de Grèce accompagne la délégation grecque au programme de danse Canal 2026</a></blockquote><iframe sandbox="allow-scripts" security="restricted" src="https://www.ifg.gr/fr/news/delegation-grecque-programme-canal-2026/embed/#?secret=mLAQPrUw2L" width="600" height="338" title="« L&rsquo;Institut français de Grèce accompagne la délégation grecque au programme de danse Canal 2026 » &#8212; IFG" data-secret="mLAQPrUw2L" frameborder="0" marginwidth="0" marginheight="0" scrolling="no" class="wp-embedded-content"></iframe><script type="text/javascript">
/* <![CDATA[ */
/*! This file is auto-generated */
!function(d,l){"use strict";l.querySelector&&d.addEventListener&&"undefined"!=typeof URL&&(d.wp=d.wp||{},d.wp.receiveEmbedMessage||(d.wp.receiveEmbedMessage=function(e){var t=e.data;if((t||t.secret||t.message||t.value)&&!/[^a-zA-Z0-9]/.test(t.secret)){for(var s,r,n,a=l.querySelectorAll('iframe[data-secret="'+t.secret+'"]'),o=l.querySelectorAll('blockquote[data-secret="'+t.secret+'"]'),c=new RegExp("^https?:$","i"),i=0;i<o.length;i++)o[i].style.display="none";for(i=0;i<a.length;i++)s=a[i],e.source===s.contentWindow&&(s.removeAttribute("style"),"height"===t.message?(1e3<(r=parseInt(t.value,10))?r=1e3:~~r<200&&(r=200),s.height=r):"link"===t.message&&(r=new URL(s.getAttribute("src")),n=new URL(t.value),c.test(n.protocol))&&n.host===r.host&&l.activeElement===s&&(d.top.location.href=t.value))}},d.addEventListener("message",d.wp.receiveEmbedMessage,!1),l.addEventListener("DOMContentLoaded",function(){for(var e,t,s=l.querySelectorAll("iframe.wp-embedded-content"),r=0;r<s.length;r++)(t=(e=s[r]).getAttribute("data-secret"))||(t=Math.random().toString(36).substring(2,12),e.src+="#?secret="+t,e.setAttribute("data-secret",t)),e.contentWindow.postMessage({message:"ready",secret:t},"*")},!1)))}(window,document);
//# sourceURL=https://www.ifg.gr/wp-includes/js/wp-embed.min.js
/* ]]> */
</script>

Le Festival international de danse de Kalamata, le Festival d’Athènes et d’Épidaure et Onassis Stegi, se rendront à Paris pour participer au programme Canal, organisé chaque année par le Centre national de la danse (CN D) en France et qui, cette année, met à l’honneur les pays des Balkans.
