{"version":"1.0","provider_name":"IFG","provider_url":"https:\/\/www.ifg.gr\/fr\/","author_name":"Danai Tezapsidou","author_url":"https:\/\/www.ifg.gr\/fr\/author\/danai\/","title":"La pr\u00e9sence fran\u00e7aise au Festival Ath\u00e8nes Epidaure 2025","type":"rich","width":600,"height":338,"html":"<blockquote class=\"wp-embedded-content\" data-secret=\"g7A8M0T2oH\"><a href=\"https:\/\/www.ifg.gr\/fr\/news\/presence-francaise-festival-athenes-epidaure-2025\/\">La pr\u00e9sence fran\u00e7aise au Festival Ath\u00e8nes Epidaure 2025<\/a><\/blockquote><iframe sandbox=\"allow-scripts\" security=\"restricted\" src=\"https:\/\/www.ifg.gr\/fr\/news\/presence-francaise-festival-athenes-epidaure-2025\/embed\/#?secret=g7A8M0T2oH\" width=\"600\" height=\"338\" title=\"\u00ab\u00a0La pr\u00e9sence fran\u00e7aise au Festival Ath\u00e8nes Epidaure 2025\u00a0\u00bb &#8212; IFG\" data-secret=\"g7A8M0T2oH\" frameborder=\"0\" marginwidth=\"0\" marginheight=\"0\" scrolling=\"no\" class=\"wp-embedded-content\"><\/iframe><script type=\"text\/javascript\">\n\/* <![CDATA[ *\/\n\/*! This file is auto-generated *\/\n!function(d,l){\"use strict\";l.querySelector&&d.addEventListener&&\"undefined\"!=typeof URL&&(d.wp=d.wp||{},d.wp.receiveEmbedMessage||(d.wp.receiveEmbedMessage=function(e){var t=e.data;if((t||t.secret||t.message||t.value)&&!\/[^a-zA-Z0-9]\/.test(t.secret)){for(var s,r,n,a=l.querySelectorAll('iframe[data-secret=\"'+t.secret+'\"]'),o=l.querySelectorAll('blockquote[data-secret=\"'+t.secret+'\"]'),c=new RegExp(\"^https?:$\",\"i\"),i=0;i<o.length;i++)o[i].style.display=\"none\";for(i=0;i<a.length;i++)s=a[i],e.source===s.contentWindow&&(s.removeAttribute(\"style\"),\"height\"===t.message?(1e3<(r=parseInt(t.value,10))?r=1e3:~~r<200&&(r=200),s.height=r):\"link\"===t.message&&(r=new URL(s.getAttribute(\"src\")),n=new URL(t.value),c.test(n.protocol))&&n.host===r.host&&l.activeElement===s&&(d.top.location.href=t.value))}},d.addEventListener(\"message\",d.wp.receiveEmbedMessage,!1),l.addEventListener(\"DOMContentLoaded\",function(){for(var e,t,s=l.querySelectorAll(\"iframe.wp-embedded-content\"),r=0;r<s.length;r++)(t=(e=s[r]).getAttribute(\"data-secret\"))||(t=Math.random().toString(36).substring(2,12),e.src+=\"#?secret=\"+t,e.setAttribute(\"data-secret\",t)),e.contentWindow.postMessage({message:\"ready\",secret:t},\"*\")},!1)))}(window,document);\n\/\/# sourceURL=https:\/\/www.ifg.gr\/wp-includes\/js\/wp-embed.min.js\n\/* ]]> *\/\n<\/script>\n","thumbnail_url":"https:\/\/www.ifg.gr\/wp-content\/uploads\/2025\/05\/AEF_Website_1200x800_Blue.png","thumbnail_width":640,"thumbnail_height":427,"description":"Cet \u00e9v\u00e9nement culturel majeur du spectacle vivant en Gr\u00e8ce accueille la troupe l\u00e9gendaire du Th\u00e9\u00e2tre du Soleil men\u00e9e par Ariane Mnouchkine \u00e0 Peiraios 260 et Wajdi Mouawad avec Juliette Binoche \u00e0 \u00c9pidaure."}

La présence française au Festival Athènes Epidaure 2025

<blockquote class="wp-embedded-content" data-secret="g7A8M0T2oH"><a href="https://www.ifg.gr/fr/news/presence-francaise-festival-athenes-epidaure-2025/">La présence française au Festival Athènes Epidaure 2025</a></blockquote><iframe sandbox="allow-scripts" security="restricted" src="https://www.ifg.gr/fr/news/presence-francaise-festival-athenes-epidaure-2025/embed/#?secret=g7A8M0T2oH" width="600" height="338" title="« La présence française au Festival Athènes Epidaure 2025 » &#8212; IFG" data-secret="g7A8M0T2oH" frameborder="0" marginwidth="0" marginheight="0" scrolling="no" class="wp-embedded-content"></iframe><script type="text/javascript">
/* <![CDATA[ */
/*! This file is auto-generated */
!function(d,l){"use strict";l.querySelector&&d.addEventListener&&"undefined"!=typeof URL&&(d.wp=d.wp||{},d.wp.receiveEmbedMessage||(d.wp.receiveEmbedMessage=function(e){var t=e.data;if((t||t.secret||t.message||t.value)&&!/[^a-zA-Z0-9]/.test(t.secret)){for(var s,r,n,a=l.querySelectorAll('iframe[data-secret="'+t.secret+'"]'),o=l.querySelectorAll('blockquote[data-secret="'+t.secret+'"]'),c=new RegExp("^https?:$","i"),i=0;i<o.length;i++)o[i].style.display="none";for(i=0;i<a.length;i++)s=a[i],e.source===s.contentWindow&&(s.removeAttribute("style"),"height"===t.message?(1e3<(r=parseInt(t.value,10))?r=1e3:~~r<200&&(r=200),s.height=r):"link"===t.message&&(r=new URL(s.getAttribute("src")),n=new URL(t.value),c.test(n.protocol))&&n.host===r.host&&l.activeElement===s&&(d.top.location.href=t.value))}},d.addEventListener("message",d.wp.receiveEmbedMessage,!1),l.addEventListener("DOMContentLoaded",function(){for(var e,t,s=l.querySelectorAll("iframe.wp-embedded-content"),r=0;r<s.length;r++)(t=(e=s[r]).getAttribute("data-secret"))||(t=Math.random().toString(36).substring(2,12),e.src+="#?secret="+t,e.setAttribute("data-secret",t)),e.contentWindow.postMessage({message:"ready",secret:t},"*")},!1)))}(window,document);
//# sourceURL=https://www.ifg.gr/wp-includes/js/wp-embed.min.js
/* ]]> */
</script>

Cet événement culturel majeur du spectacle vivant en Grèce accueille la troupe légendaire du Théâtre du Soleil menée par Ariane Mnouchkine à Peiraios 260 et Wajdi Mouawad avec Juliette Binoche à Épidaure.
