{"id":29579,"date":"2020-11-23T07:45:18","date_gmt":"2020-11-23T07:45:18","guid":{"rendered":"https:\/\/www.ifg.gr\/events\/eksodos-apo-to-chaos-i-krisi-sti-mesogeio-kai-ti-mesi-anatoli\/"},"modified":"2020-12-07T08:21:29","modified_gmt":"2020-12-07T08:21:29","slug":"sortir-du-chaos-les-crises-en-mediterranee-et-au-moyen-orient","status":"publish","type":"event","link":"https:\/\/www.ifg.gr\/fr\/events\/sortir-du-chaos-les-crises-en-mediterranee-et-au-moyen-orient\/","title":{"rendered":"Sortir du chaos. Les crises en M\u00e9diterran\u00e9e et au Moyen-Orient"},"content":{"rendered":"<p>Commentaire de l\u2019actualit\u00e9 et discussion autour de l&rsquo;histoire politique et des conflits de ces derni\u00e8res d\u00e9cennies au Moyen-Orient, dans le cadre de la<a href=\"https:\/\/www.thessalonikifair.gr\/en\" target=\"_blank\" rel=\"noopener noreferrer\"> 17e Foire internationale du livre de Thessalonique<\/a>, <strong>\u00e0 l&rsquo;occasion de la sortie en grec du livre de Gilles Kepel<\/strong>, un \u00e9rudit sp\u00e9cialiste du monde arabe.<\/p>\n<p>La richesse de sa bibliographie et la densit\u00e9 de ses articles font de lui l&rsquo;un des principaux contributeurs au d\u00e9bat public qui fait l\u2019actualit\u00e9 en France, au sujet de l&rsquo;islam, du jihad et du terrorisme.<\/p>\n<h3>Intervenants :<\/h3>\n<p><strong>Gilles Kepel<\/strong>, Professeur \u00e0 l&rsquo;Institut d&rsquo;Etudes Politiques de Paris, Auteur<br \/>\n<strong>Vassilis Nedos<\/strong>, journaliste, quotidien Kathimerini<br \/>\n<strong>Dimitris Kairidis<\/strong>, professeur en relations internationales, Universit\u00e9 Panteion, d\u00e9put\u00e9 de la Nouvelle D\u00e9mocratie (2e circonscription du nord d&rsquo;Ath\u00e8nes)<br \/>\n<strong>AntonisTrifyllis,<\/strong> membre du Conseil de surveillance de diANEOSis et ELIAMEP, ancien cadre ex\u00e9cutif de la Commission europ\u00e9enne, chroniqueur.<\/p>\n<p><strong>Vid\u00e9o de la discussion : <\/strong><\/p>\n<p><iframe loading=\"lazy\" title=\"Sortir du chaos. Les crises en M\u00e9diterran\u00e9e et au Moyen-Orient\" width=\"640\" height=\"360\" src=\"https:\/\/www.youtube.com\/embed\/6DJ5nk5P2ao?feature=oembed\" frameborder=\"0\" allow=\"accelerometer; autoplay; clipboard-write; encrypted-media; gyroscope; picture-in-picture; web-share\" referrerpolicy=\"strict-origin-when-cross-origin\" allowfullscreen><\/iframe><\/p>\n","protected":false},"excerpt":{"rendered":"<p>Discussion autour de l&rsquo;histoire politique de ces derni\u00e8res d\u00e9cennies au Moyen-Orient, \u00e0 l&rsquo;occasion de la sortie en grec du livre de Gilles Kepel.<\/p>\n","protected":false},"author":1,"featured_media":29577,"template":"","tags":[],"event_category":[870],"event_group":[],"class_list":["post-29579","event","type-event","status-publish","has-post-thumbnail","hentry","event_category-livre"],"acf":{"sponsors_default":false,"featured_image_credits":"","info_title":"\u03a0\u039b\u0397\u03a1\u039f\u03a6\u039f\u03a1\u0399\u0395\u03a3","info_text":"<p>Interpr\u00e9tation simultan\u00e9e en grec et en fran\u00e7ais<\/p>\n<p>Diffusion en direct<\/p>\n<p><strong>Organisation :<\/strong><\/p>\n<p>Editions Kleidarithmos \/ Institut Fran\u00e7ais De Gr\u00e8ce \/ Institut fran\u00e7ais de Thessalonique<\/p>\n<p>Vous pouvez poser vos <strong>questions<\/strong> sur Twitter en utilisant le hashtag <strong>#IFGdirect <\/strong><\/p>\n","date_range":{"start":"27\/11\/2020","end":"","cancelled":false,"note":"","start_time":"17:00","end_time":""},"details":{"location":"","hyperlink1a":{"text":"","link":""},"price":"","hyperlink2a":{"text":"","link":""},"online_event":true,"live_streaming":true,"live_streaming_code":"<iframe allowfullscreen width=\"640\" height=\"390\" class=\"flowplayer fp-slim fp-edgy\" frameborder=\"0\" scrolling=\"no\" src=\"https:\/\/diavlos.grnet.gr\/en\/room\/3184?eventid=8412&stream_lang=fr&embed=true&width=640\"><\/iframe>","facebook_url":"","hyperlink":{"text":"","link":""},"hyperlink2":{"text":"","link":""},"hyperlink3":{"text":"","link":""},"press_release":false},"home_slider_image":false,"sponsors_group":false,"layout":false},"yoast_head":"<!-- This site is optimized with the Yoast SEO plugin v26.8 - https:\/\/yoast.com\/product\/yoast-seo-wordpress\/ -->\n<title>Sortir du chaos. Les crises en M\u00e9diterran\u00e9e et au Moyen-Orient<\/title>\n<meta name=\"description\" content=\"Discussion autour de l&#039;histoire politique de ces derni\u00e8res d\u00e9cennies au Moyen-Orient, \u00e0 l&#039;occasion de la sortie en grec du livre de Gilles Kepel.\" \/>\n<meta name=\"robots\" content=\"index, follow, max-snippet:-1, max-image-preview:large, max-video-preview:-1\" \/>\n<link rel=\"canonical\" href=\"https:\/\/www.ifg.gr\/fr\/events\/sortir-du-chaos-les-crises-en-mediterranee-et-au-moyen-orient\/\" \/>\n<meta property=\"og:locale\" content=\"fr_FR\" \/>\n<meta property=\"og:type\" content=\"article\" \/>\n<meta property=\"og:title\" content=\"Sortir du chaos. Les crises en M\u00e9diterran\u00e9e et au Moyen-Orient\" \/>\n<meta property=\"og:description\" content=\"Discussion autour de l&#039;histoire politique de ces derni\u00e8res d\u00e9cennies au Moyen-Orient, \u00e0 l&#039;occasion de la sortie en grec du livre de Gilles Kepel.\" \/>\n<meta property=\"og:url\" content=\"https:\/\/www.ifg.gr\/fr\/events\/sortir-du-chaos-les-crises-en-mediterranee-et-au-moyen-orient\/\" \/>\n<meta property=\"og:site_name\" content=\"IFG\" \/>\n<meta property=\"article:modified_time\" content=\"2020-12-07T08:21:29+00:00\" \/>\n<meta property=\"og:image\" content=\"https:\/\/www.ifg.gr\/wp-content\/uploads\/2020\/11\/EXODOS-APO-TO-XAOS-1200.jpg\" \/>\n\t<meta property=\"og:image:width\" content=\"1200\" \/>\n\t<meta property=\"og:image:height\" content=\"1733\" \/>\n\t<meta property=\"og:image:type\" content=\"image\/jpeg\" \/>\n<meta name=\"twitter:card\" content=\"summary_large_image\" \/>\n<meta name=\"twitter:label1\" content=\"Dur\u00e9e de lecture estim\u00e9e\" \/>\n\t<meta name=\"twitter:data1\" content=\"1 minute\" \/>\n<script type=\"application\/ld+json\" class=\"yoast-schema-graph\">{\"@context\":\"https:\/\/schema.org\",\"@graph\":[{\"@type\":\"WebPage\",\"@id\":\"https:\/\/www.ifg.gr\/fr\/events\/sortir-du-chaos-les-crises-en-mediterranee-et-au-moyen-orient\/\",\"url\":\"https:\/\/www.ifg.gr\/fr\/events\/sortir-du-chaos-les-crises-en-mediterranee-et-au-moyen-orient\/\",\"name\":\"Sortir du chaos. Les crises en M\u00e9diterran\u00e9e et au Moyen-Orient\",\"isPartOf\":{\"@id\":\"https:\/\/www.ifg.gr\/#website\"},\"primaryImageOfPage\":{\"@id\":\"https:\/\/www.ifg.gr\/fr\/events\/sortir-du-chaos-les-crises-en-mediterranee-et-au-moyen-orient\/#primaryimage\"},\"image\":{\"@id\":\"https:\/\/www.ifg.gr\/fr\/events\/sortir-du-chaos-les-crises-en-mediterranee-et-au-moyen-orient\/#primaryimage\"},\"thumbnailUrl\":\"https:\/\/www.ifg.gr\/wp-content\/uploads\/2020\/11\/EXODOS-APO-TO-XAOS-1200.jpg\",\"datePublished\":\"2020-11-23T07:45:18+00:00\",\"dateModified\":\"2020-12-07T08:21:29+00:00\",\"description\":\"Discussion autour de l'histoire politique de ces derni\u00e8res d\u00e9cennies au Moyen-Orient, \u00e0 l'occasion de la sortie en grec du livre de Gilles Kepel.\",\"breadcrumb\":{\"@id\":\"https:\/\/www.ifg.gr\/fr\/events\/sortir-du-chaos-les-crises-en-mediterranee-et-au-moyen-orient\/#breadcrumb\"},\"inLanguage\":\"fr-FR\",\"potentialAction\":[{\"@type\":\"ReadAction\",\"target\":[\"https:\/\/www.ifg.gr\/fr\/events\/sortir-du-chaos-les-crises-en-mediterranee-et-au-moyen-orient\/\"]}]},{\"@type\":\"ImageObject\",\"inLanguage\":\"fr-FR\",\"@id\":\"https:\/\/www.ifg.gr\/fr\/events\/sortir-du-chaos-les-crises-en-mediterranee-et-au-moyen-orient\/#primaryimage\",\"url\":\"https:\/\/www.ifg.gr\/wp-content\/uploads\/2020\/11\/EXODOS-APO-TO-XAOS-1200.jpg\",\"contentUrl\":\"https:\/\/www.ifg.gr\/wp-content\/uploads\/2020\/11\/EXODOS-APO-TO-XAOS-1200.jpg\",\"width\":1200,\"height\":1733},{\"@type\":\"BreadcrumbList\",\"@id\":\"https:\/\/www.ifg.gr\/fr\/events\/sortir-du-chaos-les-crises-en-mediterranee-et-au-moyen-orient\/#breadcrumb\",\"itemListElement\":[{\"@type\":\"ListItem\",\"position\":1,\"name\":\"Home\",\"item\":\"https:\/\/www.ifg.gr\/fr\/\"},{\"@type\":\"ListItem\",\"position\":2,\"name\":\"Events\",\"item\":\"https:\/\/www.ifg.gr\/events\/\"},{\"@type\":\"ListItem\",\"position\":3,\"name\":\"Sortir du chaos. Les crises en M\u00e9diterran\u00e9e et au Moyen-Orient\"}]},{\"@type\":\"WebSite\",\"@id\":\"https:\/\/www.ifg.gr\/#website\",\"url\":\"https:\/\/www.ifg.gr\/\",\"name\":\"IFG\",\"description\":\"\",\"potentialAction\":[{\"@type\":\"SearchAction\",\"target\":{\"@type\":\"EntryPoint\",\"urlTemplate\":\"https:\/\/www.ifg.gr\/?s={search_term_string}\"},\"query-input\":{\"@type\":\"PropertyValueSpecification\",\"valueRequired\":true,\"valueName\":\"search_term_string\"}}],\"inLanguage\":\"fr-FR\"}]}<\/script>\n<!-- \/ Yoast SEO plugin. -->","yoast_head_json":{"title":"Sortir du chaos. Les crises en M\u00e9diterran\u00e9e et au Moyen-Orient","description":"Discussion autour de l'histoire politique de ces derni\u00e8res d\u00e9cennies au Moyen-Orient, \u00e0 l'occasion de la sortie en grec du livre de Gilles Kepel.","robots":{"index":"index","follow":"follow","max-snippet":"max-snippet:-1","max-image-preview":"max-image-preview:large","max-video-preview":"max-video-preview:-1"},"canonical":"https:\/\/www.ifg.gr\/fr\/events\/sortir-du-chaos-les-crises-en-mediterranee-et-au-moyen-orient\/","og_locale":"fr_FR","og_type":"article","og_title":"Sortir du chaos. Les crises en M\u00e9diterran\u00e9e et au Moyen-Orient","og_description":"Discussion autour de l'histoire politique de ces derni\u00e8res d\u00e9cennies au Moyen-Orient, \u00e0 l'occasion de la sortie en grec du livre de Gilles Kepel.","og_url":"https:\/\/www.ifg.gr\/fr\/events\/sortir-du-chaos-les-crises-en-mediterranee-et-au-moyen-orient\/","og_site_name":"IFG","article_modified_time":"2020-12-07T08:21:29+00:00","og_image":[{"width":1200,"height":1733,"url":"https:\/\/www.ifg.gr\/wp-content\/uploads\/2020\/11\/EXODOS-APO-TO-XAOS-1200.jpg","type":"image\/jpeg"}],"twitter_card":"summary_large_image","twitter_misc":{"Dur\u00e9e de lecture estim\u00e9e":"1 minute"},"schema":{"@context":"https:\/\/schema.org","@graph":[{"@type":"WebPage","@id":"https:\/\/www.ifg.gr\/fr\/events\/sortir-du-chaos-les-crises-en-mediterranee-et-au-moyen-orient\/","url":"https:\/\/www.ifg.gr\/fr\/events\/sortir-du-chaos-les-crises-en-mediterranee-et-au-moyen-orient\/","name":"Sortir du chaos. Les crises en M\u00e9diterran\u00e9e et au Moyen-Orient","isPartOf":{"@id":"https:\/\/www.ifg.gr\/#website"},"primaryImageOfPage":{"@id":"https:\/\/www.ifg.gr\/fr\/events\/sortir-du-chaos-les-crises-en-mediterranee-et-au-moyen-orient\/#primaryimage"},"image":{"@id":"https:\/\/www.ifg.gr\/fr\/events\/sortir-du-chaos-les-crises-en-mediterranee-et-au-moyen-orient\/#primaryimage"},"thumbnailUrl":"https:\/\/www.ifg.gr\/wp-content\/uploads\/2020\/11\/EXODOS-APO-TO-XAOS-1200.jpg","datePublished":"2020-11-23T07:45:18+00:00","dateModified":"2020-12-07T08:21:29+00:00","description":"Discussion autour de l'histoire politique de ces derni\u00e8res d\u00e9cennies au Moyen-Orient, \u00e0 l'occasion de la sortie en grec du livre de Gilles Kepel.","breadcrumb":{"@id":"https:\/\/www.ifg.gr\/fr\/events\/sortir-du-chaos-les-crises-en-mediterranee-et-au-moyen-orient\/#breadcrumb"},"inLanguage":"fr-FR","potentialAction":[{"@type":"ReadAction","target":["https:\/\/www.ifg.gr\/fr\/events\/sortir-du-chaos-les-crises-en-mediterranee-et-au-moyen-orient\/"]}]},{"@type":"ImageObject","inLanguage":"fr-FR","@id":"https:\/\/www.ifg.gr\/fr\/events\/sortir-du-chaos-les-crises-en-mediterranee-et-au-moyen-orient\/#primaryimage","url":"https:\/\/www.ifg.gr\/wp-content\/uploads\/2020\/11\/EXODOS-APO-TO-XAOS-1200.jpg","contentUrl":"https:\/\/www.ifg.gr\/wp-content\/uploads\/2020\/11\/EXODOS-APO-TO-XAOS-1200.jpg","width":1200,"height":1733},{"@type":"BreadcrumbList","@id":"https:\/\/www.ifg.gr\/fr\/events\/sortir-du-chaos-les-crises-en-mediterranee-et-au-moyen-orient\/#breadcrumb","itemListElement":[{"@type":"ListItem","position":1,"name":"Home","item":"https:\/\/www.ifg.gr\/fr\/"},{"@type":"ListItem","position":2,"name":"Events","item":"https:\/\/www.ifg.gr\/events\/"},{"@type":"ListItem","position":3,"name":"Sortir du chaos. Les crises en M\u00e9diterran\u00e9e et au Moyen-Orient"}]},{"@type":"WebSite","@id":"https:\/\/www.ifg.gr\/#website","url":"https:\/\/www.ifg.gr\/","name":"IFG","description":"","potentialAction":[{"@type":"SearchAction","target":{"@type":"EntryPoint","urlTemplate":"https:\/\/www.ifg.gr\/?s={search_term_string}"},"query-input":{"@type":"PropertyValueSpecification","valueRequired":true,"valueName":"search_term_string"}}],"inLanguage":"fr-FR"}]}},"_links":{"self":[{"href":"https:\/\/www.ifg.gr\/fr\/wp-json\/wp\/v2\/event\/29579","targetHints":{"allow":["GET"]}}],"collection":[{"href":"https:\/\/www.ifg.gr\/fr\/wp-json\/wp\/v2\/event"}],"about":[{"href":"https:\/\/www.ifg.gr\/fr\/wp-json\/wp\/v2\/types\/event"}],"author":[{"embeddable":true,"href":"https:\/\/www.ifg.gr\/fr\/wp-json\/wp\/v2\/users\/1"}],"version-history":[{"count":0,"href":"https:\/\/www.ifg.gr\/fr\/wp-json\/wp\/v2\/event\/29579\/revisions"}],"wp:featuredmedia":[{"embeddable":true,"href":"https:\/\/www.ifg.gr\/fr\/wp-json\/wp\/v2\/media\/29577"}],"wp:attachment":[{"href":"https:\/\/www.ifg.gr\/fr\/wp-json\/wp\/v2\/media?parent=29579"}],"wp:term":[{"taxonomy":"post_tag","embeddable":true,"href":"https:\/\/www.ifg.gr\/fr\/wp-json\/wp\/v2\/tags?post=29579"},{"taxonomy":"event_category","embeddable":true,"href":"https:\/\/www.ifg.gr\/fr\/wp-json\/wp\/v2\/event_category?post=29579"},{"taxonomy":"event_group","embeddable":true,"href":"https:\/\/www.ifg.gr\/fr\/wp-json\/wp\/v2\/event_group?post=29579"}],"curies":[{"name":"wp","href":"https:\/\/api.w.org\/{rel}","templated":true}]}}

Sortir du chaos. Les crises en Méditerranée et au Moyen-Orient

<p>Commentaire de l’actualité et discussion autour de l&rsquo;histoire politique et des conflits de ces dernières décennies au Moyen-Orient, dans le cadre de la<a href="https://www.thessalonikifair.gr/en" target="_blank" rel="noopener noreferrer"> 17e Foire internationale du livre de Thessalonique</a>, <strong>à l&rsquo;occasion de la sortie en grec du livre de Gilles Kepel</strong>, un érudit spécialiste du monde arabe.</p>
<p>La richesse de sa bibliographie et la densité de ses articles font de lui l&rsquo;un des principaux contributeurs au débat public qui fait l’actualité en France, au sujet de l&rsquo;islam, du jihad et du terrorisme.</p>
<h3>Intervenants :</h3>
<p><strong>Gilles Kepel</strong>, Professeur à l&rsquo;Institut d&rsquo;Etudes Politiques de Paris, Auteur<br />
<strong>Vassilis Nedos</strong>, journaliste, quotidien Kathimerini<br />
<strong>Dimitris Kairidis</strong>, professeur en relations internationales, Université Panteion, député de la Nouvelle Démocratie (2e circonscription du nord d&rsquo;Athènes)<br />
<strong>AntonisTrifyllis,</strong> membre du Conseil de surveillance de diANEOSis et ELIAMEP, ancien cadre exécutif de la Commission européenne, chroniqueur.</p>
<p><strong>Vidéo de la discussion : </strong></p>
<p><iframe loading="lazy" title="Sortir du chaos. Les crises en Méditerranée et au Moyen-Orient" width="640" height="360" src="https://www.youtube.com/embed/6DJ5nk5P2ao?feature=oembed" frameborder="0" allow="accelerometer; autoplay; clipboard-write; encrypted-media; gyroscope; picture-in-picture; web-share" referrerpolicy="strict-origin-when-cross-origin" allowfullscreen></iframe></p>

<p>Discussion autour de l&rsquo;histoire politique de ces dernières décennies au Moyen-Orient, à l&rsquo;occasion de la sortie en grec du livre de Gilles Kepel.</p>

ΠΛΗΡΟΦΟΡΙΕΣ

<p>Interprétation simultanée en grec et en français</p>
<p>Diffusion en direct</p>
<p><strong>Organisation :</strong></p>
<p>Editions Kleidarithmos / Institut Français De Grèce / Institut français de Thessalonique</p>
<p>Vous pouvez poser vos <strong>questions</strong> sur Twitter en utilisant le hashtag <strong>#IFGdirect </strong></p>

<!-- This site is optimized with the Yoast SEO plugin v26.8 - https://yoast.com/product/yoast-seo-wordpress/ -->
<title>Sortir du chaos. Les crises en Méditerranée et au Moyen-Orient</title>
<meta name="description" content="Discussion autour de l&#039;histoire politique de ces dernières décennies au Moyen-Orient, à l&#039;occasion de la sortie en grec du livre de Gilles Kepel." />
<meta name="robots" content="index, follow, max-snippet:-1, max-image-preview:large, max-video-preview:-1" />
<link rel="canonical" href="https://www.ifg.gr/fr/events/sortir-du-chaos-les-crises-en-mediterranee-et-au-moyen-orient/" />
<meta property="og:locale" content="fr_FR" />
<meta property="og:type" content="article" />
<meta property="og:title" content="Sortir du chaos. Les crises en Méditerranée et au Moyen-Orient" />
<meta property="og:description" content="Discussion autour de l&#039;histoire politique de ces dernières décennies au Moyen-Orient, à l&#039;occasion de la sortie en grec du livre de Gilles Kepel." />
<meta property="og:url" content="https://www.ifg.gr/fr/events/sortir-du-chaos-les-crises-en-mediterranee-et-au-moyen-orient/" />
<meta property="og:site_name" content="IFG" />
<meta property="article:modified_time" content="2020-12-07T08:21:29+00:00" />
<meta property="og:image" content="https://www.ifg.gr/wp-content/uploads/2020/11/EXODOS-APO-TO-XAOS-1200.jpg" />
	<meta property="og:image:width" content="1200" />
	<meta property="og:image:height" content="1733" />
	<meta property="og:image:type" content="image/jpeg" />
<meta name="twitter:card" content="summary_large_image" />
<meta name="twitter:label1" content="Durée de lecture estimée" />
	<meta name="twitter:data1" content="1 minute" />
<script type="application/ld+json" class="yoast-schema-graph">{"@context":"https://schema.org","@graph":[{"@type":"WebPage","@id":"https://www.ifg.gr/fr/events/sortir-du-chaos-les-crises-en-mediterranee-et-au-moyen-orient/","url":"https://www.ifg.gr/fr/events/sortir-du-chaos-les-crises-en-mediterranee-et-au-moyen-orient/","name":"Sortir du chaos. Les crises en Méditerranée et au Moyen-Orient","isPartOf":{"@id":"https://www.ifg.gr/#website"},"primaryImageOfPage":{"@id":"https://www.ifg.gr/fr/events/sortir-du-chaos-les-crises-en-mediterranee-et-au-moyen-orient/#primaryimage"},"image":{"@id":"https://www.ifg.gr/fr/events/sortir-du-chaos-les-crises-en-mediterranee-et-au-moyen-orient/#primaryimage"},"thumbnailUrl":"https://www.ifg.gr/wp-content/uploads/2020/11/EXODOS-APO-TO-XAOS-1200.jpg","datePublished":"2020-11-23T07:45:18+00:00","dateModified":"2020-12-07T08:21:29+00:00","description":"Discussion autour de l'histoire politique de ces dernières décennies au Moyen-Orient, à l'occasion de la sortie en grec du livre de Gilles Kepel.","breadcrumb":{"@id":"https://www.ifg.gr/fr/events/sortir-du-chaos-les-crises-en-mediterranee-et-au-moyen-orient/#breadcrumb"},"inLanguage":"fr-FR","potentialAction":[{"@type":"ReadAction","target":["https://www.ifg.gr/fr/events/sortir-du-chaos-les-crises-en-mediterranee-et-au-moyen-orient/"]}]},{"@type":"ImageObject","inLanguage":"fr-FR","@id":"https://www.ifg.gr/fr/events/sortir-du-chaos-les-crises-en-mediterranee-et-au-moyen-orient/#primaryimage","url":"https://www.ifg.gr/wp-content/uploads/2020/11/EXODOS-APO-TO-XAOS-1200.jpg","contentUrl":"https://www.ifg.gr/wp-content/uploads/2020/11/EXODOS-APO-TO-XAOS-1200.jpg","width":1200,"height":1733},{"@type":"BreadcrumbList","@id":"https://www.ifg.gr/fr/events/sortir-du-chaos-les-crises-en-mediterranee-et-au-moyen-orient/#breadcrumb","itemListElement":[{"@type":"ListItem","position":1,"name":"Home","item":"https://www.ifg.gr/fr/"},{"@type":"ListItem","position":2,"name":"Events","item":"https://www.ifg.gr/events/"},{"@type":"ListItem","position":3,"name":"Sortir du chaos. Les crises en Méditerranée et au Moyen-Orient"}]},{"@type":"WebSite","@id":"https://www.ifg.gr/#website","url":"https://www.ifg.gr/","name":"IFG","description":"","potentialAction":[{"@type":"SearchAction","target":{"@type":"EntryPoint","urlTemplate":"https://www.ifg.gr/?s={search_term_string}"},"query-input":{"@type":"PropertyValueSpecification","valueRequired":true,"valueName":"search_term_string"}}],"inLanguage":"fr-FR"}]}</script>
<!-- / Yoast SEO plugin. -->

Discussion autour de l'histoire politique de ces dernières décennies au Moyen-Orient, à l'occasion de la sortie en grec du livre de Gilles Kepel.
