{"id":46196,"date":"2022-08-22T08:54:47","date_gmt":"2022-08-22T08:54:47","guid":{"rendered":"https:\/\/www.ifg.gr\/events\/paraskeves-sinema-oi-ouranoi-tou-livanou\/"},"modified":"2022-09-05T13:55:58","modified_gmt":"2022-09-05T13:55:58","slug":"vendredis-cinema-sous-le-ciel-d_alice","status":"publish","type":"event","link":"https:\/\/www.ifg.gr\/fr\/events\/vendredis-cinema-sous-le-ciel-d_alice\/","title":{"rendered":"Vendredis Cin\u00e9ma : Sous le ciel d&rsquo;Alice"},"content":{"rendered":"<p>Sous le ciel d&rsquo;Alice, de Chlo\u00e9 Mazlo (90 min. \u2013 2021 \u2013 France)<br \/>\navec Alba Rohrwacher, Wajdi Mouawad<\/p>\n<p>Dans les ann\u00e9es 1950, la jeune Alice quitte la Suisse pour le Liban ensoleill\u00e9 et exub\u00e9rant. L\u00e0, elle tombe amoureuse de Joseph, un astrophysicien intrigant qui r\u00eave d&rsquo;envoyer le premier Libanais dans l&rsquo;espace. Alice trouve rapidement sa place dans sa famille. Mais apr\u00e8s quelques ann\u00e9es d&rsquo;insouciance, la guerre civile envahit leur paradis&#8230;<\/p>\n<p><iframe loading=\"lazy\" title=\"Skies of Lebanon \/ Sous le ciel d&#039;Alice (2021) - Trailer (English subs)\" width=\"640\" height=\"360\" src=\"https:\/\/www.youtube.com\/embed\/9F3oGwFAad4?feature=oembed\" frameborder=\"0\" allow=\"accelerometer; autoplay; clipboard-write; encrypted-media; gyroscope; picture-in-picture; web-share\" referrerpolicy=\"strict-origin-when-cross-origin\" allowfullscreen><\/iframe><\/p>\n<p><img loading=\"lazy\" decoding=\"async\" class=\"alignnone size-full wp-image-46192\" src=\"https:\/\/www.ifg.gr\/wp-content\/uploads\/2022\/08\/sous-le-ciel-dAlice-affiche.jpg\" alt=\"\" width=\"768\" height=\"1024\" srcset=\"https:\/\/www.ifg.gr\/wp-content\/uploads\/2022\/08\/sous-le-ciel-dAlice-affiche.jpg 768w, https:\/\/www.ifg.gr\/wp-content\/uploads\/2022\/08\/sous-le-ciel-dAlice-affiche-750x1000.jpg 750w, https:\/\/www.ifg.gr\/wp-content\/uploads\/2022\/08\/sous-le-ciel-dAlice-affiche-98x130.jpg 98w\" sizes=\"auto, (max-width: 768px) 100vw, 768px\" \/><\/p>\n<p>Chaque deuxi\u00e8me et quatri\u00e8me vendredi du mois, rendez-vous \u00e0 l\u2019Institut fran\u00e7ais de Gr\u00e8ce pour (re)d\u00e9couvrir des p\u00e9pites du cin\u00e9ma francophone.<\/p>\n","protected":false},"excerpt":{"rendered":"<p>Sous le ciel d&rsquo;Alice, de Chlo\u00e9 Mazlo, avec Alba Rohrwacher et Wajdi Mouawad. <\/p>\n","protected":false},"author":1,"featured_media":46191,"template":"","tags":[1109,1108],"event_category":[874],"event_group":[],"class_list":["post-46196","event","type-event","status-publish","has-post-thumbnail","hentry","tag-paraskeves-sinema-fr","tag-vendredis-cinema","event_category-cinema"],"acf":{"sponsors_default":false,"featured_image_credits":"","info_title":"INFORMATIONS D'ACC\u00c8S \u00c0 l'IFG","info_text":"<p>Pour entrer dans l\u2019IFG, il est n\u00e9cessaire de se soumettre au contr\u00f4le de tous les bagages \u00e0 main.<\/p>\n","date_range":{"start":"09\/09\/2022","end":"","cancelled":false,"note":"","start_time":"20:00","end_time":""},"details":{"location":"<p>Auditorium Theo Angelopoulos<\/p>\n","hyperlink1a":{"text":"","link":""},"price":"plein tarif 6\u20ac \/ tarif r\u00e9duit 4\u20ac","hyperlink2a":{"text":"","link":""},"online_event":false,"live_streaming":false,"live_streaming_code":"","facebook_url":"https:\/\/www.facebook.com\/events\/1291205198356012","hyperlink":{"text":"","link":""},"hyperlink2":{"text":"","link":""},"hyperlink3":{"text":"","link":""},"press_release":false},"home_slider_image":false,"sponsors_group":false,"layout":false},"yoast_head":"<!-- This site is optimized with the Yoast SEO plugin v26.8 - https:\/\/yoast.com\/product\/yoast-seo-wordpress\/ -->\n<title>Vendredis Cin\u00e9ma : Sous le ciel d&#039;Alice, de Chlo\u00e9 Mazlo<\/title>\n<meta name=\"description\" content=\"Sous le ciel d&#039;Alice, de Chlo\u00e9 Mazlo, avec Alba Rohrwacher, Wajdi Mouawad.\" \/>\n<meta name=\"robots\" content=\"index, follow, max-snippet:-1, max-image-preview:large, max-video-preview:-1\" \/>\n<link rel=\"canonical\" href=\"https:\/\/www.ifg.gr\/fr\/events\/vendredis-cinema-sous-le-ciel-d_alice\/\" \/>\n<meta property=\"og:locale\" content=\"fr_FR\" \/>\n<meta property=\"og:type\" content=\"article\" \/>\n<meta property=\"og:title\" content=\"Vendredis Cin\u00e9ma : Sous le ciel d&#039;Alice, de Chlo\u00e9 Mazlo\" \/>\n<meta property=\"og:description\" content=\"Sous le ciel d&#039;Alice, de Chlo\u00e9 Mazlo, avec Alba Rohrwacher, Wajdi Mouawad.\" \/>\n<meta property=\"og:url\" content=\"https:\/\/www.ifg.gr\/fr\/events\/vendredis-cinema-sous-le-ciel-d_alice\/\" \/>\n<meta property=\"og:site_name\" content=\"IFG\" \/>\n<meta property=\"article:modified_time\" content=\"2022-09-05T13:55:58+00:00\" \/>\n<meta property=\"og:image\" content=\"https:\/\/www.ifg.gr\/wp-content\/uploads\/2022\/08\/sous-le-ciel-dAlice-1200x800-1.jpeg\" \/>\n\t<meta property=\"og:image:width\" content=\"1200\" \/>\n\t<meta property=\"og:image:height\" content=\"800\" \/>\n\t<meta property=\"og:image:type\" content=\"image\/jpeg\" \/>\n<meta name=\"twitter:card\" content=\"summary_large_image\" \/>\n<meta name=\"twitter:label1\" content=\"Dur\u00e9e de lecture estim\u00e9e\" \/>\n\t<meta name=\"twitter:data1\" content=\"1 minute\" \/>\n<script type=\"application\/ld+json\" class=\"yoast-schema-graph\">{\"@context\":\"https:\/\/schema.org\",\"@graph\":[{\"@type\":\"WebPage\",\"@id\":\"https:\/\/www.ifg.gr\/fr\/events\/vendredis-cinema-sous-le-ciel-d_alice\/\",\"url\":\"https:\/\/www.ifg.gr\/fr\/events\/vendredis-cinema-sous-le-ciel-d_alice\/\",\"name\":\"Vendredis Cin\u00e9ma : Sous le ciel d'Alice, de Chlo\u00e9 Mazlo\",\"isPartOf\":{\"@id\":\"https:\/\/www.ifg.gr\/#website\"},\"primaryImageOfPage\":{\"@id\":\"https:\/\/www.ifg.gr\/fr\/events\/vendredis-cinema-sous-le-ciel-d_alice\/#primaryimage\"},\"image\":{\"@id\":\"https:\/\/www.ifg.gr\/fr\/events\/vendredis-cinema-sous-le-ciel-d_alice\/#primaryimage\"},\"thumbnailUrl\":\"https:\/\/www.ifg.gr\/wp-content\/uploads\/2022\/08\/sous-le-ciel-dAlice-1200x800-1.jpeg\",\"datePublished\":\"2022-08-22T08:54:47+00:00\",\"dateModified\":\"2022-09-05T13:55:58+00:00\",\"description\":\"Sous le ciel d'Alice, de Chlo\u00e9 Mazlo, avec Alba Rohrwacher, Wajdi Mouawad.\",\"breadcrumb\":{\"@id\":\"https:\/\/www.ifg.gr\/fr\/events\/vendredis-cinema-sous-le-ciel-d_alice\/#breadcrumb\"},\"inLanguage\":\"fr-FR\",\"potentialAction\":[{\"@type\":\"ReadAction\",\"target\":[\"https:\/\/www.ifg.gr\/fr\/events\/vendredis-cinema-sous-le-ciel-d_alice\/\"]}]},{\"@type\":\"ImageObject\",\"inLanguage\":\"fr-FR\",\"@id\":\"https:\/\/www.ifg.gr\/fr\/events\/vendredis-cinema-sous-le-ciel-d_alice\/#primaryimage\",\"url\":\"https:\/\/www.ifg.gr\/wp-content\/uploads\/2022\/08\/sous-le-ciel-dAlice-1200x800-1.jpeg\",\"contentUrl\":\"https:\/\/www.ifg.gr\/wp-content\/uploads\/2022\/08\/sous-le-ciel-dAlice-1200x800-1.jpeg\",\"width\":1200,\"height\":800},{\"@type\":\"BreadcrumbList\",\"@id\":\"https:\/\/www.ifg.gr\/fr\/events\/vendredis-cinema-sous-le-ciel-d_alice\/#breadcrumb\",\"itemListElement\":[{\"@type\":\"ListItem\",\"position\":1,\"name\":\"Home\",\"item\":\"https:\/\/www.ifg.gr\/fr\/\"},{\"@type\":\"ListItem\",\"position\":2,\"name\":\"Events\",\"item\":\"https:\/\/www.ifg.gr\/events\/\"},{\"@type\":\"ListItem\",\"position\":3,\"name\":\"Vendredis Cin\u00e9ma : Sous le ciel d&rsquo;Alice\"}]},{\"@type\":\"WebSite\",\"@id\":\"https:\/\/www.ifg.gr\/#website\",\"url\":\"https:\/\/www.ifg.gr\/\",\"name\":\"IFG\",\"description\":\"\",\"potentialAction\":[{\"@type\":\"SearchAction\",\"target\":{\"@type\":\"EntryPoint\",\"urlTemplate\":\"https:\/\/www.ifg.gr\/?s={search_term_string}\"},\"query-input\":{\"@type\":\"PropertyValueSpecification\",\"valueRequired\":true,\"valueName\":\"search_term_string\"}}],\"inLanguage\":\"fr-FR\"}]}<\/script>\n<!-- \/ Yoast SEO plugin. -->","yoast_head_json":{"title":"Vendredis Cin\u00e9ma : Sous le ciel d'Alice, de Chlo\u00e9 Mazlo","description":"Sous le ciel d'Alice, de Chlo\u00e9 Mazlo, avec Alba Rohrwacher, Wajdi Mouawad.","robots":{"index":"index","follow":"follow","max-snippet":"max-snippet:-1","max-image-preview":"max-image-preview:large","max-video-preview":"max-video-preview:-1"},"canonical":"https:\/\/www.ifg.gr\/fr\/events\/vendredis-cinema-sous-le-ciel-d_alice\/","og_locale":"fr_FR","og_type":"article","og_title":"Vendredis Cin\u00e9ma : Sous le ciel d'Alice, de Chlo\u00e9 Mazlo","og_description":"Sous le ciel d'Alice, de Chlo\u00e9 Mazlo, avec Alba Rohrwacher, Wajdi Mouawad.","og_url":"https:\/\/www.ifg.gr\/fr\/events\/vendredis-cinema-sous-le-ciel-d_alice\/","og_site_name":"IFG","article_modified_time":"2022-09-05T13:55:58+00:00","og_image":[{"width":1200,"height":800,"url":"https:\/\/www.ifg.gr\/wp-content\/uploads\/2022\/08\/sous-le-ciel-dAlice-1200x800-1.jpeg","type":"image\/jpeg"}],"twitter_card":"summary_large_image","twitter_misc":{"Dur\u00e9e de lecture estim\u00e9e":"1 minute"},"schema":{"@context":"https:\/\/schema.org","@graph":[{"@type":"WebPage","@id":"https:\/\/www.ifg.gr\/fr\/events\/vendredis-cinema-sous-le-ciel-d_alice\/","url":"https:\/\/www.ifg.gr\/fr\/events\/vendredis-cinema-sous-le-ciel-d_alice\/","name":"Vendredis Cin\u00e9ma : Sous le ciel d'Alice, de Chlo\u00e9 Mazlo","isPartOf":{"@id":"https:\/\/www.ifg.gr\/#website"},"primaryImageOfPage":{"@id":"https:\/\/www.ifg.gr\/fr\/events\/vendredis-cinema-sous-le-ciel-d_alice\/#primaryimage"},"image":{"@id":"https:\/\/www.ifg.gr\/fr\/events\/vendredis-cinema-sous-le-ciel-d_alice\/#primaryimage"},"thumbnailUrl":"https:\/\/www.ifg.gr\/wp-content\/uploads\/2022\/08\/sous-le-ciel-dAlice-1200x800-1.jpeg","datePublished":"2022-08-22T08:54:47+00:00","dateModified":"2022-09-05T13:55:58+00:00","description":"Sous le ciel d'Alice, de Chlo\u00e9 Mazlo, avec Alba Rohrwacher, Wajdi Mouawad.","breadcrumb":{"@id":"https:\/\/www.ifg.gr\/fr\/events\/vendredis-cinema-sous-le-ciel-d_alice\/#breadcrumb"},"inLanguage":"fr-FR","potentialAction":[{"@type":"ReadAction","target":["https:\/\/www.ifg.gr\/fr\/events\/vendredis-cinema-sous-le-ciel-d_alice\/"]}]},{"@type":"ImageObject","inLanguage":"fr-FR","@id":"https:\/\/www.ifg.gr\/fr\/events\/vendredis-cinema-sous-le-ciel-d_alice\/#primaryimage","url":"https:\/\/www.ifg.gr\/wp-content\/uploads\/2022\/08\/sous-le-ciel-dAlice-1200x800-1.jpeg","contentUrl":"https:\/\/www.ifg.gr\/wp-content\/uploads\/2022\/08\/sous-le-ciel-dAlice-1200x800-1.jpeg","width":1200,"height":800},{"@type":"BreadcrumbList","@id":"https:\/\/www.ifg.gr\/fr\/events\/vendredis-cinema-sous-le-ciel-d_alice\/#breadcrumb","itemListElement":[{"@type":"ListItem","position":1,"name":"Home","item":"https:\/\/www.ifg.gr\/fr\/"},{"@type":"ListItem","position":2,"name":"Events","item":"https:\/\/www.ifg.gr\/events\/"},{"@type":"ListItem","position":3,"name":"Vendredis Cin\u00e9ma : Sous le ciel d&rsquo;Alice"}]},{"@type":"WebSite","@id":"https:\/\/www.ifg.gr\/#website","url":"https:\/\/www.ifg.gr\/","name":"IFG","description":"","potentialAction":[{"@type":"SearchAction","target":{"@type":"EntryPoint","urlTemplate":"https:\/\/www.ifg.gr\/?s={search_term_string}"},"query-input":{"@type":"PropertyValueSpecification","valueRequired":true,"valueName":"search_term_string"}}],"inLanguage":"fr-FR"}]}},"_links":{"self":[{"href":"https:\/\/www.ifg.gr\/fr\/wp-json\/wp\/v2\/event\/46196","targetHints":{"allow":["GET"]}}],"collection":[{"href":"https:\/\/www.ifg.gr\/fr\/wp-json\/wp\/v2\/event"}],"about":[{"href":"https:\/\/www.ifg.gr\/fr\/wp-json\/wp\/v2\/types\/event"}],"author":[{"embeddable":true,"href":"https:\/\/www.ifg.gr\/fr\/wp-json\/wp\/v2\/users\/1"}],"version-history":[{"count":0,"href":"https:\/\/www.ifg.gr\/fr\/wp-json\/wp\/v2\/event\/46196\/revisions"}],"wp:featuredmedia":[{"embeddable":true,"href":"https:\/\/www.ifg.gr\/fr\/wp-json\/wp\/v2\/media\/46191"}],"wp:attachment":[{"href":"https:\/\/www.ifg.gr\/fr\/wp-json\/wp\/v2\/media?parent=46196"}],"wp:term":[{"taxonomy":"post_tag","embeddable":true,"href":"https:\/\/www.ifg.gr\/fr\/wp-json\/wp\/v2\/tags?post=46196"},{"taxonomy":"event_category","embeddable":true,"href":"https:\/\/www.ifg.gr\/fr\/wp-json\/wp\/v2\/event_category?post=46196"},{"taxonomy":"event_group","embeddable":true,"href":"https:\/\/www.ifg.gr\/fr\/wp-json\/wp\/v2\/event_group?post=46196"}],"curies":[{"name":"wp","href":"https:\/\/api.w.org\/{rel}","templated":true}]}}

Vendredis Cinéma : Sous le ciel d&rsquo;Alice

<p>Sous le ciel d&rsquo;Alice, de Chloé Mazlo (90 min. – 2021 – France)<br />
avec Alba Rohrwacher, Wajdi Mouawad</p>
<p>Dans les années 1950, la jeune Alice quitte la Suisse pour le Liban ensoleillé et exubérant. Là, elle tombe amoureuse de Joseph, un astrophysicien intrigant qui rêve d&rsquo;envoyer le premier Libanais dans l&rsquo;espace. Alice trouve rapidement sa place dans sa famille. Mais après quelques années d&rsquo;insouciance, la guerre civile envahit leur paradis&#8230;</p>
<p><iframe loading="lazy" title="Skies of Lebanon / Sous le ciel d&#039;Alice (2021) - Trailer (English subs)" width="640" height="360" src="https://www.youtube.com/embed/9F3oGwFAad4?feature=oembed" frameborder="0" allow="accelerometer; autoplay; clipboard-write; encrypted-media; gyroscope; picture-in-picture; web-share" referrerpolicy="strict-origin-when-cross-origin" allowfullscreen></iframe></p>
<p><img loading="lazy" decoding="async" class="alignnone size-full wp-image-46192" src="https://www.ifg.gr/wp-content/uploads/2022/08/sous-le-ciel-dAlice-affiche.jpg" alt="" width="768" height="1024" srcset="https://www.ifg.gr/wp-content/uploads/2022/08/sous-le-ciel-dAlice-affiche.jpg 768w, https://www.ifg.gr/wp-content/uploads/2022/08/sous-le-ciel-dAlice-affiche-750x1000.jpg 750w, https://www.ifg.gr/wp-content/uploads/2022/08/sous-le-ciel-dAlice-affiche-98x130.jpg 98w" sizes="auto, (max-width: 768px) 100vw, 768px" /></p>
<p>Chaque deuxième et quatrième vendredi du mois, rendez-vous à l’Institut français de Grèce pour (re)découvrir des pépites du cinéma francophone.</p>

<p>Sous le ciel d&rsquo;Alice, de Chloé Mazlo, avec Alba Rohrwacher et Wajdi Mouawad. </p>

INFORMATIONS D'ACCÈS À l'IFG

<p>Pour entrer dans l’IFG, il est nécessaire de se soumettre au contrôle de tous les bagages à main.</p>

plein tarif 6€ / tarif réduit 4€

<!-- This site is optimized with the Yoast SEO plugin v26.8 - https://yoast.com/product/yoast-seo-wordpress/ -->
<title>Vendredis Cinéma : Sous le ciel d&#039;Alice, de Chloé Mazlo</title>
<meta name="description" content="Sous le ciel d&#039;Alice, de Chloé Mazlo, avec Alba Rohrwacher, Wajdi Mouawad." />
<meta name="robots" content="index, follow, max-snippet:-1, max-image-preview:large, max-video-preview:-1" />
<link rel="canonical" href="https://www.ifg.gr/fr/events/vendredis-cinema-sous-le-ciel-d_alice/" />
<meta property="og:locale" content="fr_FR" />
<meta property="og:type" content="article" />
<meta property="og:title" content="Vendredis Cinéma : Sous le ciel d&#039;Alice, de Chloé Mazlo" />
<meta property="og:description" content="Sous le ciel d&#039;Alice, de Chloé Mazlo, avec Alba Rohrwacher, Wajdi Mouawad." />
<meta property="og:url" content="https://www.ifg.gr/fr/events/vendredis-cinema-sous-le-ciel-d_alice/" />
<meta property="og:site_name" content="IFG" />
<meta property="article:modified_time" content="2022-09-05T13:55:58+00:00" />
<meta property="og:image" content="https://www.ifg.gr/wp-content/uploads/2022/08/sous-le-ciel-dAlice-1200x800-1.jpeg" />
	<meta property="og:image:width" content="1200" />
	<meta property="og:image:height" content="800" />
	<meta property="og:image:type" content="image/jpeg" />
<meta name="twitter:card" content="summary_large_image" />
<meta name="twitter:label1" content="Durée de lecture estimée" />
	<meta name="twitter:data1" content="1 minute" />
<script type="application/ld+json" class="yoast-schema-graph">{"@context":"https://schema.org","@graph":[{"@type":"WebPage","@id":"https://www.ifg.gr/fr/events/vendredis-cinema-sous-le-ciel-d_alice/","url":"https://www.ifg.gr/fr/events/vendredis-cinema-sous-le-ciel-d_alice/","name":"Vendredis Cinéma : Sous le ciel d'Alice, de Chloé Mazlo","isPartOf":{"@id":"https://www.ifg.gr/#website"},"primaryImageOfPage":{"@id":"https://www.ifg.gr/fr/events/vendredis-cinema-sous-le-ciel-d_alice/#primaryimage"},"image":{"@id":"https://www.ifg.gr/fr/events/vendredis-cinema-sous-le-ciel-d_alice/#primaryimage"},"thumbnailUrl":"https://www.ifg.gr/wp-content/uploads/2022/08/sous-le-ciel-dAlice-1200x800-1.jpeg","datePublished":"2022-08-22T08:54:47+00:00","dateModified":"2022-09-05T13:55:58+00:00","description":"Sous le ciel d'Alice, de Chloé Mazlo, avec Alba Rohrwacher, Wajdi Mouawad.","breadcrumb":{"@id":"https://www.ifg.gr/fr/events/vendredis-cinema-sous-le-ciel-d_alice/#breadcrumb"},"inLanguage":"fr-FR","potentialAction":[{"@type":"ReadAction","target":["https://www.ifg.gr/fr/events/vendredis-cinema-sous-le-ciel-d_alice/"]}]},{"@type":"ImageObject","inLanguage":"fr-FR","@id":"https://www.ifg.gr/fr/events/vendredis-cinema-sous-le-ciel-d_alice/#primaryimage","url":"https://www.ifg.gr/wp-content/uploads/2022/08/sous-le-ciel-dAlice-1200x800-1.jpeg","contentUrl":"https://www.ifg.gr/wp-content/uploads/2022/08/sous-le-ciel-dAlice-1200x800-1.jpeg","width":1200,"height":800},{"@type":"BreadcrumbList","@id":"https://www.ifg.gr/fr/events/vendredis-cinema-sous-le-ciel-d_alice/#breadcrumb","itemListElement":[{"@type":"ListItem","position":1,"name":"Home","item":"https://www.ifg.gr/fr/"},{"@type":"ListItem","position":2,"name":"Events","item":"https://www.ifg.gr/events/"},{"@type":"ListItem","position":3,"name":"Vendredis Cinéma : Sous le ciel d&rsquo;Alice"}]},{"@type":"WebSite","@id":"https://www.ifg.gr/#website","url":"https://www.ifg.gr/","name":"IFG","description":"","potentialAction":[{"@type":"SearchAction","target":{"@type":"EntryPoint","urlTemplate":"https://www.ifg.gr/?s={search_term_string}"},"query-input":{"@type":"PropertyValueSpecification","valueRequired":true,"valueName":"search_term_string"}}],"inLanguage":"fr-FR"}]}</script>
<!-- / Yoast SEO plugin. -->

Vendredis Cinéma : Sous le ciel d'Alice, de Chloé Mazlo

Sous le ciel d'Alice, de Chloé Mazlo, avec Alba Rohrwacher, Wajdi Mouawad.
