{"id":47116,"date":"2022-10-18T14:46:26","date_gmt":"2022-10-18T14:46:26","guid":{"rendered":"https:\/\/www.ifg.gr\/events\/cine-club-mon-oncle-d-amerique\/"},"modified":"2022-11-21T12:18:11","modified_gmt":"2022-11-21T12:18:11","slug":"cine-club-mon-oncle-d-amerique","status":"publish","type":"event","link":"https:\/\/www.ifg.gr\/fr\/events\/cine-club-mon-oncle-d-amerique\/","title":{"rendered":"Cin\u00e9-Club : Mon oncle d&rsquo;Am\u00e9rique, d&rsquo;Alain Resnais"},"content":{"rendered":"<p>Mon oncle d&rsquo;Am\u00e9rique, d&rsquo;Alain Resnais (125 min. \u2013 1980 \u2013 France)<\/p>\n<p>Avec Roger Pierre, Nicole Garcia, Marie Dubois, G\u00e9rard Depardieu<\/p>\n<p>Trois destin\u00e9es, celles d&rsquo;un journaliste, directeur des informations sur une cha\u00eene radiophonique, d&rsquo;un fils d&rsquo;agriculteur recycl\u00e9 dans une industrie textile elle-m\u00eame en mutation, et celle d&rsquo;une fille d&rsquo;ouvrier devenue styliste, s&rsquo;entrecroisent en contrepoint des th\u00e9ories formul\u00e9es depuis son laboratoire par le professeur Laborit, biologiste et analyste des comportements des rats et des hommes vivant en soci\u00e9t\u00e9.<\/p>\n<p><strong>Le film sera pr\u00e9sent\u00e9 par Poly Lykourgou<\/strong>, critique de cin\u00e9ma flix.gr<\/p>\n<p><iframe loading=\"lazy\" title=\"BANDE ANNONCE - MON ONCLE D\u2019AM\u00c9RIQUE d\u2019Alain Resnais - au cin\u00e9ma en version restaur\u00e9e le 24 octobre\" width=\"640\" height=\"360\" src=\"https:\/\/www.youtube.com\/embed\/zE6FZjiqwtc?feature=oembed\" frameborder=\"0\" allow=\"accelerometer; autoplay; clipboard-write; encrypted-media; gyroscope; picture-in-picture; web-share\" referrerpolicy=\"strict-origin-when-cross-origin\" allowfullscreen><\/iframe><\/p>\n<p>Tous les mois, d\u00e9couvrez un chef-d&rsquo;oeuvre du cin\u00e9ma fran\u00e7ais au Cin\u00e9-Club de l&rsquo;Institut fran\u00e7ais de Gr\u00e8ce.<\/p>\n","protected":false},"excerpt":{"rendered":"<p>Mon oncle d&rsquo;Am\u00e9rique, d&rsquo;Alain Resnais (1980), avec Roger Pierre, Nicole Garcia, Marie Dubois, G\u00e9rard Depardieu.<\/p>\n","protected":false},"author":1,"featured_media":47113,"template":"","tags":[1299,1115],"event_category":[874],"event_group":[],"class_list":["post-47116","event","type-event","status-publish","has-post-thumbnail","hentry","tag-alain-resnais-fr","tag-cine-club-fr","event_category-cinema"],"acf":{"sponsors_default":false,"featured_image_credits":"","info_title":"","info_text":"","date_range":{"start":"23\/11\/2022","end":"","cancelled":false,"note":"","start_time":"20:00","end_time":""},"details":{"location":"<p>Auditorium Theo Angelopoulos<\/p>\n","hyperlink1a":{"text":"","link":""},"price":"Entr\u00e9e libre","hyperlink2a":{"text":"R\u00e9servation de places \u2192","link":"https:\/\/www.eventbrite.com\/e\/451955229257"},"online_event":false,"live_streaming":false,"live_streaming_code":"","facebook_url":"https:\/\/www.facebook.com\/events\/815786552836448","hyperlink":{"text":"","link":""},"hyperlink2":{"text":"","link":""},"hyperlink3":{"text":"","link":""},"press_release":false},"home_slider_image":false,"sponsors_group":false,"layout":false},"yoast_head":"<!-- This site is optimized with the Yoast SEO plugin v26.8 - https:\/\/yoast.com\/product\/yoast-seo-wordpress\/ -->\n<title>Cin\u00e9-Club : Mon oncle d&#039;Am\u00e9rique, d&#039;Alain Resnais<\/title>\n<meta name=\"description\" content=\"Mon oncle d&#039;Am\u00e9rique, d&#039;Alain Resnais (125 min. \u2013 1980 \u2013 France), avec Roger Pierre, Nicole Garcia, Marie Dubois, G\u00e9rard Depardieu.\" \/>\n<meta name=\"robots\" content=\"index, follow, max-snippet:-1, max-image-preview:large, max-video-preview:-1\" \/>\n<link rel=\"canonical\" href=\"https:\/\/www.ifg.gr\/fr\/events\/cine-club-mon-oncle-d-amerique\/\" \/>\n<meta property=\"og:locale\" content=\"fr_FR\" \/>\n<meta property=\"og:type\" content=\"article\" \/>\n<meta property=\"og:title\" content=\"Cin\u00e9-Club : Mon oncle d&#039;Am\u00e9rique, d&#039;Alain Resnais\" \/>\n<meta property=\"og:description\" content=\"Mon oncle d&#039;Am\u00e9rique, d&#039;Alain Resnais (125 min. \u2013 1980 \u2013 France), avec Roger Pierre, Nicole Garcia, Marie Dubois, G\u00e9rard Depardieu.\" \/>\n<meta property=\"og:url\" content=\"https:\/\/www.ifg.gr\/fr\/events\/cine-club-mon-oncle-d-amerique\/\" \/>\n<meta property=\"og:site_name\" content=\"IFG\" \/>\n<meta property=\"article:modified_time\" content=\"2022-11-21T12:18:11+00:00\" \/>\n<meta property=\"og:image\" content=\"https:\/\/www.ifg.gr\/wp-content\/uploads\/2022\/10\/mon-oncle-damerique-1200x800-1.jpg\" \/>\n\t<meta property=\"og:image:width\" content=\"1200\" \/>\n\t<meta property=\"og:image:height\" content=\"800\" \/>\n\t<meta property=\"og:image:type\" content=\"image\/jpeg\" \/>\n<meta name=\"twitter:card\" content=\"summary_large_image\" \/>\n<meta name=\"twitter:label1\" content=\"Dur\u00e9e de lecture estim\u00e9e\" \/>\n\t<meta name=\"twitter:data1\" content=\"1 minute\" \/>\n<script type=\"application\/ld+json\" class=\"yoast-schema-graph\">{\"@context\":\"https:\/\/schema.org\",\"@graph\":[{\"@type\":\"WebPage\",\"@id\":\"https:\/\/www.ifg.gr\/fr\/events\/cine-club-mon-oncle-d-amerique\/\",\"url\":\"https:\/\/www.ifg.gr\/fr\/events\/cine-club-mon-oncle-d-amerique\/\",\"name\":\"Cin\u00e9-Club : Mon oncle d'Am\u00e9rique, d'Alain Resnais\",\"isPartOf\":{\"@id\":\"https:\/\/www.ifg.gr\/#website\"},\"primaryImageOfPage\":{\"@id\":\"https:\/\/www.ifg.gr\/fr\/events\/cine-club-mon-oncle-d-amerique\/#primaryimage\"},\"image\":{\"@id\":\"https:\/\/www.ifg.gr\/fr\/events\/cine-club-mon-oncle-d-amerique\/#primaryimage\"},\"thumbnailUrl\":\"https:\/\/www.ifg.gr\/wp-content\/uploads\/2022\/10\/mon-oncle-damerique-1200x800-1.jpg\",\"datePublished\":\"2022-10-18T14:46:26+00:00\",\"dateModified\":\"2022-11-21T12:18:11+00:00\",\"description\":\"Mon oncle d'Am\u00e9rique, d'Alain Resnais (125 min. \u2013 1980 \u2013 France), avec Roger Pierre, Nicole Garcia, Marie Dubois, G\u00e9rard Depardieu.\",\"breadcrumb\":{\"@id\":\"https:\/\/www.ifg.gr\/fr\/events\/cine-club-mon-oncle-d-amerique\/#breadcrumb\"},\"inLanguage\":\"fr-FR\",\"potentialAction\":[{\"@type\":\"ReadAction\",\"target\":[\"https:\/\/www.ifg.gr\/fr\/events\/cine-club-mon-oncle-d-amerique\/\"]}]},{\"@type\":\"ImageObject\",\"inLanguage\":\"fr-FR\",\"@id\":\"https:\/\/www.ifg.gr\/fr\/events\/cine-club-mon-oncle-d-amerique\/#primaryimage\",\"url\":\"https:\/\/www.ifg.gr\/wp-content\/uploads\/2022\/10\/mon-oncle-damerique-1200x800-1.jpg\",\"contentUrl\":\"https:\/\/www.ifg.gr\/wp-content\/uploads\/2022\/10\/mon-oncle-damerique-1200x800-1.jpg\",\"width\":1200,\"height\":800,\"caption\":\"File written by Adobe Photoshop? 5.2\"},{\"@type\":\"BreadcrumbList\",\"@id\":\"https:\/\/www.ifg.gr\/fr\/events\/cine-club-mon-oncle-d-amerique\/#breadcrumb\",\"itemListElement\":[{\"@type\":\"ListItem\",\"position\":1,\"name\":\"Home\",\"item\":\"https:\/\/www.ifg.gr\/fr\/\"},{\"@type\":\"ListItem\",\"position\":2,\"name\":\"Events\",\"item\":\"https:\/\/www.ifg.gr\/events\/\"},{\"@type\":\"ListItem\",\"position\":3,\"name\":\"Cin\u00e9-Club : Mon oncle d&rsquo;Am\u00e9rique, d&rsquo;Alain Resnais\"}]},{\"@type\":\"WebSite\",\"@id\":\"https:\/\/www.ifg.gr\/#website\",\"url\":\"https:\/\/www.ifg.gr\/\",\"name\":\"IFG\",\"description\":\"\",\"potentialAction\":[{\"@type\":\"SearchAction\",\"target\":{\"@type\":\"EntryPoint\",\"urlTemplate\":\"https:\/\/www.ifg.gr\/?s={search_term_string}\"},\"query-input\":{\"@type\":\"PropertyValueSpecification\",\"valueRequired\":true,\"valueName\":\"search_term_string\"}}],\"inLanguage\":\"fr-FR\"}]}<\/script>\n<!-- \/ Yoast SEO plugin. -->","yoast_head_json":{"title":"Cin\u00e9-Club : Mon oncle d'Am\u00e9rique, d'Alain Resnais","description":"Mon oncle d'Am\u00e9rique, d'Alain Resnais (125 min. \u2013 1980 \u2013 France), avec Roger Pierre, Nicole Garcia, Marie Dubois, G\u00e9rard Depardieu.","robots":{"index":"index","follow":"follow","max-snippet":"max-snippet:-1","max-image-preview":"max-image-preview:large","max-video-preview":"max-video-preview:-1"},"canonical":"https:\/\/www.ifg.gr\/fr\/events\/cine-club-mon-oncle-d-amerique\/","og_locale":"fr_FR","og_type":"article","og_title":"Cin\u00e9-Club : Mon oncle d'Am\u00e9rique, d'Alain Resnais","og_description":"Mon oncle d'Am\u00e9rique, d'Alain Resnais (125 min. \u2013 1980 \u2013 France), avec Roger Pierre, Nicole Garcia, Marie Dubois, G\u00e9rard Depardieu.","og_url":"https:\/\/www.ifg.gr\/fr\/events\/cine-club-mon-oncle-d-amerique\/","og_site_name":"IFG","article_modified_time":"2022-11-21T12:18:11+00:00","og_image":[{"width":1200,"height":800,"url":"https:\/\/www.ifg.gr\/wp-content\/uploads\/2022\/10\/mon-oncle-damerique-1200x800-1.jpg","type":"image\/jpeg"}],"twitter_card":"summary_large_image","twitter_misc":{"Dur\u00e9e de lecture estim\u00e9e":"1 minute"},"schema":{"@context":"https:\/\/schema.org","@graph":[{"@type":"WebPage","@id":"https:\/\/www.ifg.gr\/fr\/events\/cine-club-mon-oncle-d-amerique\/","url":"https:\/\/www.ifg.gr\/fr\/events\/cine-club-mon-oncle-d-amerique\/","name":"Cin\u00e9-Club : Mon oncle d'Am\u00e9rique, d'Alain Resnais","isPartOf":{"@id":"https:\/\/www.ifg.gr\/#website"},"primaryImageOfPage":{"@id":"https:\/\/www.ifg.gr\/fr\/events\/cine-club-mon-oncle-d-amerique\/#primaryimage"},"image":{"@id":"https:\/\/www.ifg.gr\/fr\/events\/cine-club-mon-oncle-d-amerique\/#primaryimage"},"thumbnailUrl":"https:\/\/www.ifg.gr\/wp-content\/uploads\/2022\/10\/mon-oncle-damerique-1200x800-1.jpg","datePublished":"2022-10-18T14:46:26+00:00","dateModified":"2022-11-21T12:18:11+00:00","description":"Mon oncle d'Am\u00e9rique, d'Alain Resnais (125 min. \u2013 1980 \u2013 France), avec Roger Pierre, Nicole Garcia, Marie Dubois, G\u00e9rard Depardieu.","breadcrumb":{"@id":"https:\/\/www.ifg.gr\/fr\/events\/cine-club-mon-oncle-d-amerique\/#breadcrumb"},"inLanguage":"fr-FR","potentialAction":[{"@type":"ReadAction","target":["https:\/\/www.ifg.gr\/fr\/events\/cine-club-mon-oncle-d-amerique\/"]}]},{"@type":"ImageObject","inLanguage":"fr-FR","@id":"https:\/\/www.ifg.gr\/fr\/events\/cine-club-mon-oncle-d-amerique\/#primaryimage","url":"https:\/\/www.ifg.gr\/wp-content\/uploads\/2022\/10\/mon-oncle-damerique-1200x800-1.jpg","contentUrl":"https:\/\/www.ifg.gr\/wp-content\/uploads\/2022\/10\/mon-oncle-damerique-1200x800-1.jpg","width":1200,"height":800,"caption":"File written by Adobe Photoshop? 5.2"},{"@type":"BreadcrumbList","@id":"https:\/\/www.ifg.gr\/fr\/events\/cine-club-mon-oncle-d-amerique\/#breadcrumb","itemListElement":[{"@type":"ListItem","position":1,"name":"Home","item":"https:\/\/www.ifg.gr\/fr\/"},{"@type":"ListItem","position":2,"name":"Events","item":"https:\/\/www.ifg.gr\/events\/"},{"@type":"ListItem","position":3,"name":"Cin\u00e9-Club : Mon oncle d&rsquo;Am\u00e9rique, d&rsquo;Alain Resnais"}]},{"@type":"WebSite","@id":"https:\/\/www.ifg.gr\/#website","url":"https:\/\/www.ifg.gr\/","name":"IFG","description":"","potentialAction":[{"@type":"SearchAction","target":{"@type":"EntryPoint","urlTemplate":"https:\/\/www.ifg.gr\/?s={search_term_string}"},"query-input":{"@type":"PropertyValueSpecification","valueRequired":true,"valueName":"search_term_string"}}],"inLanguage":"fr-FR"}]}},"_links":{"self":[{"href":"https:\/\/www.ifg.gr\/fr\/wp-json\/wp\/v2\/event\/47116","targetHints":{"allow":["GET"]}}],"collection":[{"href":"https:\/\/www.ifg.gr\/fr\/wp-json\/wp\/v2\/event"}],"about":[{"href":"https:\/\/www.ifg.gr\/fr\/wp-json\/wp\/v2\/types\/event"}],"author":[{"embeddable":true,"href":"https:\/\/www.ifg.gr\/fr\/wp-json\/wp\/v2\/users\/1"}],"version-history":[{"count":0,"href":"https:\/\/www.ifg.gr\/fr\/wp-json\/wp\/v2\/event\/47116\/revisions"}],"wp:featuredmedia":[{"embeddable":true,"href":"https:\/\/www.ifg.gr\/fr\/wp-json\/wp\/v2\/media\/47113"}],"wp:attachment":[{"href":"https:\/\/www.ifg.gr\/fr\/wp-json\/wp\/v2\/media?parent=47116"}],"wp:term":[{"taxonomy":"post_tag","embeddable":true,"href":"https:\/\/www.ifg.gr\/fr\/wp-json\/wp\/v2\/tags?post=47116"},{"taxonomy":"event_category","embeddable":true,"href":"https:\/\/www.ifg.gr\/fr\/wp-json\/wp\/v2\/event_category?post=47116"},{"taxonomy":"event_group","embeddable":true,"href":"https:\/\/www.ifg.gr\/fr\/wp-json\/wp\/v2\/event_group?post=47116"}],"curies":[{"name":"wp","href":"https:\/\/api.w.org\/{rel}","templated":true}]}}

Ciné-Club : Mon oncle d&rsquo;Amérique, d&rsquo;Alain Resnais

<p>Mon oncle d&rsquo;Amérique, d&rsquo;Alain Resnais (125 min. – 1980 – France)</p>
<p>Avec Roger Pierre, Nicole Garcia, Marie Dubois, Gérard Depardieu</p>
<p>Trois destinées, celles d&rsquo;un journaliste, directeur des informations sur une chaîne radiophonique, d&rsquo;un fils d&rsquo;agriculteur recyclé dans une industrie textile elle-même en mutation, et celle d&rsquo;une fille d&rsquo;ouvrier devenue styliste, s&rsquo;entrecroisent en contrepoint des théories formulées depuis son laboratoire par le professeur Laborit, biologiste et analyste des comportements des rats et des hommes vivant en société.</p>
<p><strong>Le film sera présenté par Poly Lykourgou</strong>, critique de cinéma flix.gr</p>
<p><iframe loading="lazy" title="BANDE ANNONCE - MON ONCLE D’AMÉRIQUE d’Alain Resnais - au cinéma en version restaurée le 24 octobre" width="640" height="360" src="https://www.youtube.com/embed/zE6FZjiqwtc?feature=oembed" frameborder="0" allow="accelerometer; autoplay; clipboard-write; encrypted-media; gyroscope; picture-in-picture; web-share" referrerpolicy="strict-origin-when-cross-origin" allowfullscreen></iframe></p>
<p>Tous les mois, découvrez un chef-d&rsquo;oeuvre du cinéma français au Ciné-Club de l&rsquo;Institut français de Grèce.</p>

<p>Mon oncle d&rsquo;Amérique, d&rsquo;Alain Resnais (1980), avec Roger Pierre, Nicole Garcia, Marie Dubois, Gérard Depardieu.</p>

Entrée libre

Réservation de places →

<!-- This site is optimized with the Yoast SEO plugin v26.8 - https://yoast.com/product/yoast-seo-wordpress/ -->
<title>Ciné-Club : Mon oncle d&#039;Amérique, d&#039;Alain Resnais</title>
<meta name="description" content="Mon oncle d&#039;Amérique, d&#039;Alain Resnais (125 min. – 1980 – France), avec Roger Pierre, Nicole Garcia, Marie Dubois, Gérard Depardieu." />
<meta name="robots" content="index, follow, max-snippet:-1, max-image-preview:large, max-video-preview:-1" />
<link rel="canonical" href="https://www.ifg.gr/fr/events/cine-club-mon-oncle-d-amerique/" />
<meta property="og:locale" content="fr_FR" />
<meta property="og:type" content="article" />
<meta property="og:title" content="Ciné-Club : Mon oncle d&#039;Amérique, d&#039;Alain Resnais" />
<meta property="og:description" content="Mon oncle d&#039;Amérique, d&#039;Alain Resnais (125 min. – 1980 – France), avec Roger Pierre, Nicole Garcia, Marie Dubois, Gérard Depardieu." />
<meta property="og:url" content="https://www.ifg.gr/fr/events/cine-club-mon-oncle-d-amerique/" />
<meta property="og:site_name" content="IFG" />
<meta property="article:modified_time" content="2022-11-21T12:18:11+00:00" />
<meta property="og:image" content="https://www.ifg.gr/wp-content/uploads/2022/10/mon-oncle-damerique-1200x800-1.jpg" />
	<meta property="og:image:width" content="1200" />
	<meta property="og:image:height" content="800" />
	<meta property="og:image:type" content="image/jpeg" />
<meta name="twitter:card" content="summary_large_image" />
<meta name="twitter:label1" content="Durée de lecture estimée" />
	<meta name="twitter:data1" content="1 minute" />
<script type="application/ld+json" class="yoast-schema-graph">{"@context":"https://schema.org","@graph":[{"@type":"WebPage","@id":"https://www.ifg.gr/fr/events/cine-club-mon-oncle-d-amerique/","url":"https://www.ifg.gr/fr/events/cine-club-mon-oncle-d-amerique/","name":"Ciné-Club : Mon oncle d'Amérique, d'Alain Resnais","isPartOf":{"@id":"https://www.ifg.gr/#website"},"primaryImageOfPage":{"@id":"https://www.ifg.gr/fr/events/cine-club-mon-oncle-d-amerique/#primaryimage"},"image":{"@id":"https://www.ifg.gr/fr/events/cine-club-mon-oncle-d-amerique/#primaryimage"},"thumbnailUrl":"https://www.ifg.gr/wp-content/uploads/2022/10/mon-oncle-damerique-1200x800-1.jpg","datePublished":"2022-10-18T14:46:26+00:00","dateModified":"2022-11-21T12:18:11+00:00","description":"Mon oncle d'Amérique, d'Alain Resnais (125 min. – 1980 – France), avec Roger Pierre, Nicole Garcia, Marie Dubois, Gérard Depardieu.","breadcrumb":{"@id":"https://www.ifg.gr/fr/events/cine-club-mon-oncle-d-amerique/#breadcrumb"},"inLanguage":"fr-FR","potentialAction":[{"@type":"ReadAction","target":["https://www.ifg.gr/fr/events/cine-club-mon-oncle-d-amerique/"]}]},{"@type":"ImageObject","inLanguage":"fr-FR","@id":"https://www.ifg.gr/fr/events/cine-club-mon-oncle-d-amerique/#primaryimage","url":"https://www.ifg.gr/wp-content/uploads/2022/10/mon-oncle-damerique-1200x800-1.jpg","contentUrl":"https://www.ifg.gr/wp-content/uploads/2022/10/mon-oncle-damerique-1200x800-1.jpg","width":1200,"height":800,"caption":"File written by Adobe Photoshop? 5.2"},{"@type":"BreadcrumbList","@id":"https://www.ifg.gr/fr/events/cine-club-mon-oncle-d-amerique/#breadcrumb","itemListElement":[{"@type":"ListItem","position":1,"name":"Home","item":"https://www.ifg.gr/fr/"},{"@type":"ListItem","position":2,"name":"Events","item":"https://www.ifg.gr/events/"},{"@type":"ListItem","position":3,"name":"Ciné-Club : Mon oncle d&rsquo;Amérique, d&rsquo;Alain Resnais"}]},{"@type":"WebSite","@id":"https://www.ifg.gr/#website","url":"https://www.ifg.gr/","name":"IFG","description":"","potentialAction":[{"@type":"SearchAction","target":{"@type":"EntryPoint","urlTemplate":"https://www.ifg.gr/?s={search_term_string}"},"query-input":{"@type":"PropertyValueSpecification","valueRequired":true,"valueName":"search_term_string"}}],"inLanguage":"fr-FR"}]}</script>
<!-- / Yoast SEO plugin. -->

Ciné-Club : Mon oncle d'Amérique, d'Alain Resnais

Mon oncle d'Amérique, d'Alain Resnais (125 min. – 1980 – France), avec Roger Pierre, Nicole Garcia, Marie Dubois, Gérard Depardieu.
