{"id":47383,"date":"2022-11-15T14:28:59","date_gmt":"2022-11-15T14:28:59","guid":{"rendered":"https:\/\/www.ifg.gr\/events\/paraskeves-sinema-slalom\/"},"modified":"2022-11-22T08:41:34","modified_gmt":"2022-11-22T08:41:34","slug":"vendredis-cinema-slalom","status":"publish","type":"event","link":"https:\/\/www.ifg.gr\/fr\/events\/vendredis-cinema-slalom\/","title":{"rendered":"Vendredis Cin\u00e9ma : Slalom"},"content":{"rendered":"<p>Slalom, de Charl\u00e8ne Favier (92 min. \u2013 2020 \u2013 France, Belgique)<br \/>\navec J\u00e9r\u00e9mie Renier, No\u00e9e Abita, Marie Denarnaud, Muriel Combeau, Axel Auriant, Ma\u00efra Schmitt<\/p>\n<p>Lyz, 15 ans, vient d&rsquo;int\u00e9grer une prestigieuse section ski-\u00e9tudes du lyc\u00e9e de Bourg-Saint-Maurice. Fred, ex-champion et d\u00e9sormais entra\u00eeneur, d\u00e9cide de tout miser sur sa nouvelle recrue. Galvanis\u00e9e par son soutien, Lyz s&rsquo;investit \u00e0 corps perdu, physiquement et \u00e9motionnellement. Elle encha\u00eene les succ\u00e8s mais bascule rapidement sous l&#8217;emprise absolue de Fred&#8230;<\/p>\n<p><iframe loading=\"lazy\" title=\"Slalom (2021) - Trailer (English Subs)\" width=\"640\" height=\"360\" src=\"https:\/\/www.youtube.com\/embed\/C6222tNbGbs?feature=oembed\" frameborder=\"0\" allow=\"accelerometer; autoplay; clipboard-write; encrypted-media; gyroscope; picture-in-picture; web-share\" referrerpolicy=\"strict-origin-when-cross-origin\" allowfullscreen><\/iframe><\/p>\n<p>Deux vendredis par mois, rendez-vous \u00e0 l\u2019Institut fran\u00e7ais de Gr\u00e8ce pour (re)d\u00e9couvrir des p\u00e9pites du cin\u00e9ma francophone.<\/p>\n","protected":false},"excerpt":{"rendered":"<p>Slalom, de Charl\u00e8ne Favier, avec J\u00e9r\u00e9mie Renier, No\u00e9e Abita, Marie Denarnaud, Muriel Combeau, Axel Auriant, Ma\u00efra Schmitt<\/p>\n","protected":false},"author":1,"featured_media":47377,"template":"","tags":[1109,1108],"event_category":[874],"event_group":[],"class_list":["post-47383","event","type-event","status-publish","has-post-thumbnail","hentry","tag-paraskeves-sinema-fr","tag-vendredis-cinema","event_category-cinema"],"acf":{"sponsors_default":false,"featured_image_credits":"","info_title":"","info_text":"","date_range":{"start":"02\/12\/2022","end":"","cancelled":false,"note":"","start_time":"20:00","end_time":""},"details":{"location":"<p>Auditorium Theo Angelopoulos<\/p>\n","hyperlink1a":{"text":"","link":""},"price":"plein tarif 6\u20ac \/ tarif r\u00e9duit 4\u20ac","hyperlink2a":{"text":"R\u00e9servation de places","link":"https:\/\/www.eventbrite.com\/e\/451981467737"},"online_event":false,"live_streaming":false,"live_streaming_code":"","facebook_url":"https:\/\/www.facebook.com\/events\/1303386853748691","hyperlink":{"text":"","link":""},"hyperlink2":{"text":"","link":""},"hyperlink3":{"text":"","link":""},"press_release":false},"home_slider_image":false,"sponsors_group":false,"layout":false},"yoast_head":"<!-- This site is optimized with the Yoast SEO plugin v26.8 - https:\/\/yoast.com\/product\/yoast-seo-wordpress\/ -->\n<title>Vendredis Cin\u00e9ma : Slalom, de Charl\u00e8ne Favier (2020, France)<\/title>\n<meta name=\"description\" content=\"Slalom, de Charl\u00e8ne Favier, avec J\u00e9r\u00e9mie Renier, No\u00e9e Abita, Marie Denarnaud, Muriel Combeau, Axel Auriant, Ma\u00efra Schmitt\" \/>\n<meta name=\"robots\" content=\"index, follow, max-snippet:-1, max-image-preview:large, max-video-preview:-1\" \/>\n<link rel=\"canonical\" href=\"https:\/\/www.ifg.gr\/events\/paraskeves-sinema-slalom\/\" \/>\n<meta property=\"og:locale\" content=\"fr_FR\" \/>\n<meta property=\"og:type\" content=\"article\" \/>\n<meta property=\"og:title\" content=\"Vendredis Cin\u00e9ma : Slalom, de Charl\u00e8ne Favier (2020, France)\" \/>\n<meta property=\"og:description\" content=\"Slalom, de Charl\u00e8ne Favier, avec J\u00e9r\u00e9mie Renier, No\u00e9e Abita, Marie Denarnaud, Muriel Combeau, Axel Auriant, Ma\u00efra Schmitt\" \/>\n<meta property=\"og:url\" content=\"https:\/\/www.ifg.gr\/events\/paraskeves-sinema-slalom\/\" \/>\n<meta property=\"og:site_name\" content=\"IFG\" \/>\n<meta property=\"article:modified_time\" content=\"2022-11-22T08:41:34+00:00\" \/>\n<meta property=\"og:image\" content=\"https:\/\/www.ifg.gr\/wp-content\/uploads\/2022\/11\/Slalom_1200x800.jpg\" \/>\n\t<meta property=\"og:image:width\" content=\"1200\" \/>\n\t<meta property=\"og:image:height\" content=\"800\" \/>\n\t<meta property=\"og:image:type\" content=\"image\/jpeg\" \/>\n<meta name=\"twitter:card\" content=\"summary_large_image\" \/>\n<meta name=\"twitter:label1\" content=\"Dur\u00e9e de lecture estim\u00e9e\" \/>\n\t<meta name=\"twitter:data1\" content=\"1 minute\" \/>\n<script type=\"application\/ld+json\" class=\"yoast-schema-graph\">{\"@context\":\"https:\/\/schema.org\",\"@graph\":[{\"@type\":\"WebPage\",\"@id\":\"https:\/\/www.ifg.gr\/events\/paraskeves-sinema-slalom\/\",\"url\":\"https:\/\/www.ifg.gr\/events\/paraskeves-sinema-slalom\/\",\"name\":\"Vendredis Cin\u00e9ma : Slalom, de Charl\u00e8ne Favier (2020, France)\",\"isPartOf\":{\"@id\":\"https:\/\/www.ifg.gr\/#website\"},\"primaryImageOfPage\":{\"@id\":\"https:\/\/www.ifg.gr\/events\/paraskeves-sinema-slalom\/#primaryimage\"},\"image\":{\"@id\":\"https:\/\/www.ifg.gr\/events\/paraskeves-sinema-slalom\/#primaryimage\"},\"thumbnailUrl\":\"https:\/\/www.ifg.gr\/wp-content\/uploads\/2022\/11\/Slalom_1200x800.jpg\",\"datePublished\":\"2022-11-15T14:28:59+00:00\",\"dateModified\":\"2022-11-22T08:41:34+00:00\",\"description\":\"Slalom, de Charl\u00e8ne Favier, avec J\u00e9r\u00e9mie Renier, No\u00e9e Abita, Marie Denarnaud, Muriel Combeau, Axel Auriant, Ma\u00efra Schmitt\",\"breadcrumb\":{\"@id\":\"https:\/\/www.ifg.gr\/events\/paraskeves-sinema-slalom\/#breadcrumb\"},\"inLanguage\":\"fr-FR\",\"potentialAction\":[{\"@type\":\"ReadAction\",\"target\":[\"https:\/\/www.ifg.gr\/events\/paraskeves-sinema-slalom\/\"]}]},{\"@type\":\"ImageObject\",\"inLanguage\":\"fr-FR\",\"@id\":\"https:\/\/www.ifg.gr\/events\/paraskeves-sinema-slalom\/#primaryimage\",\"url\":\"https:\/\/www.ifg.gr\/wp-content\/uploads\/2022\/11\/Slalom_1200x800.jpg\",\"contentUrl\":\"https:\/\/www.ifg.gr\/wp-content\/uploads\/2022\/11\/Slalom_1200x800.jpg\",\"width\":1200,\"height\":800,\"caption\":\"\u03a3\u03bb\u03ac\u03bb\u03bf\u03bc\"},{\"@type\":\"BreadcrumbList\",\"@id\":\"https:\/\/www.ifg.gr\/events\/paraskeves-sinema-slalom\/#breadcrumb\",\"itemListElement\":[{\"@type\":\"ListItem\",\"position\":1,\"name\":\"Home\",\"item\":\"https:\/\/www.ifg.gr\/fr\/\"},{\"@type\":\"ListItem\",\"position\":2,\"name\":\"Events\",\"item\":\"https:\/\/www.ifg.gr\/events\/\"},{\"@type\":\"ListItem\",\"position\":3,\"name\":\"Vendredis Cin\u00e9ma : Slalom\"}]},{\"@type\":\"WebSite\",\"@id\":\"https:\/\/www.ifg.gr\/#website\",\"url\":\"https:\/\/www.ifg.gr\/\",\"name\":\"IFG\",\"description\":\"\",\"potentialAction\":[{\"@type\":\"SearchAction\",\"target\":{\"@type\":\"EntryPoint\",\"urlTemplate\":\"https:\/\/www.ifg.gr\/?s={search_term_string}\"},\"query-input\":{\"@type\":\"PropertyValueSpecification\",\"valueRequired\":true,\"valueName\":\"search_term_string\"}}],\"inLanguage\":\"fr-FR\"}]}<\/script>\n<!-- \/ Yoast SEO plugin. -->","yoast_head_json":{"title":"Vendredis Cin\u00e9ma : Slalom, de Charl\u00e8ne Favier (2020, France)","description":"Slalom, de Charl\u00e8ne Favier, avec J\u00e9r\u00e9mie Renier, No\u00e9e Abita, Marie Denarnaud, Muriel Combeau, Axel Auriant, Ma\u00efra Schmitt","robots":{"index":"index","follow":"follow","max-snippet":"max-snippet:-1","max-image-preview":"max-image-preview:large","max-video-preview":"max-video-preview:-1"},"canonical":"https:\/\/www.ifg.gr\/events\/paraskeves-sinema-slalom\/","og_locale":"fr_FR","og_type":"article","og_title":"Vendredis Cin\u00e9ma : Slalom, de Charl\u00e8ne Favier (2020, France)","og_description":"Slalom, de Charl\u00e8ne Favier, avec J\u00e9r\u00e9mie Renier, No\u00e9e Abita, Marie Denarnaud, Muriel Combeau, Axel Auriant, Ma\u00efra Schmitt","og_url":"https:\/\/www.ifg.gr\/events\/paraskeves-sinema-slalom\/","og_site_name":"IFG","article_modified_time":"2022-11-22T08:41:34+00:00","og_image":[{"width":1200,"height":800,"url":"https:\/\/www.ifg.gr\/wp-content\/uploads\/2022\/11\/Slalom_1200x800.jpg","type":"image\/jpeg"}],"twitter_card":"summary_large_image","twitter_misc":{"Dur\u00e9e de lecture estim\u00e9e":"1 minute"},"schema":{"@context":"https:\/\/schema.org","@graph":[{"@type":"WebPage","@id":"https:\/\/www.ifg.gr\/events\/paraskeves-sinema-slalom\/","url":"https:\/\/www.ifg.gr\/events\/paraskeves-sinema-slalom\/","name":"Vendredis Cin\u00e9ma : Slalom, de Charl\u00e8ne Favier (2020, France)","isPartOf":{"@id":"https:\/\/www.ifg.gr\/#website"},"primaryImageOfPage":{"@id":"https:\/\/www.ifg.gr\/events\/paraskeves-sinema-slalom\/#primaryimage"},"image":{"@id":"https:\/\/www.ifg.gr\/events\/paraskeves-sinema-slalom\/#primaryimage"},"thumbnailUrl":"https:\/\/www.ifg.gr\/wp-content\/uploads\/2022\/11\/Slalom_1200x800.jpg","datePublished":"2022-11-15T14:28:59+00:00","dateModified":"2022-11-22T08:41:34+00:00","description":"Slalom, de Charl\u00e8ne Favier, avec J\u00e9r\u00e9mie Renier, No\u00e9e Abita, Marie Denarnaud, Muriel Combeau, Axel Auriant, Ma\u00efra Schmitt","breadcrumb":{"@id":"https:\/\/www.ifg.gr\/events\/paraskeves-sinema-slalom\/#breadcrumb"},"inLanguage":"fr-FR","potentialAction":[{"@type":"ReadAction","target":["https:\/\/www.ifg.gr\/events\/paraskeves-sinema-slalom\/"]}]},{"@type":"ImageObject","inLanguage":"fr-FR","@id":"https:\/\/www.ifg.gr\/events\/paraskeves-sinema-slalom\/#primaryimage","url":"https:\/\/www.ifg.gr\/wp-content\/uploads\/2022\/11\/Slalom_1200x800.jpg","contentUrl":"https:\/\/www.ifg.gr\/wp-content\/uploads\/2022\/11\/Slalom_1200x800.jpg","width":1200,"height":800,"caption":"\u03a3\u03bb\u03ac\u03bb\u03bf\u03bc"},{"@type":"BreadcrumbList","@id":"https:\/\/www.ifg.gr\/events\/paraskeves-sinema-slalom\/#breadcrumb","itemListElement":[{"@type":"ListItem","position":1,"name":"Home","item":"https:\/\/www.ifg.gr\/fr\/"},{"@type":"ListItem","position":2,"name":"Events","item":"https:\/\/www.ifg.gr\/events\/"},{"@type":"ListItem","position":3,"name":"Vendredis Cin\u00e9ma : Slalom"}]},{"@type":"WebSite","@id":"https:\/\/www.ifg.gr\/#website","url":"https:\/\/www.ifg.gr\/","name":"IFG","description":"","potentialAction":[{"@type":"SearchAction","target":{"@type":"EntryPoint","urlTemplate":"https:\/\/www.ifg.gr\/?s={search_term_string}"},"query-input":{"@type":"PropertyValueSpecification","valueRequired":true,"valueName":"search_term_string"}}],"inLanguage":"fr-FR"}]}},"_links":{"self":[{"href":"https:\/\/www.ifg.gr\/fr\/wp-json\/wp\/v2\/event\/47383","targetHints":{"allow":["GET"]}}],"collection":[{"href":"https:\/\/www.ifg.gr\/fr\/wp-json\/wp\/v2\/event"}],"about":[{"href":"https:\/\/www.ifg.gr\/fr\/wp-json\/wp\/v2\/types\/event"}],"author":[{"embeddable":true,"href":"https:\/\/www.ifg.gr\/fr\/wp-json\/wp\/v2\/users\/1"}],"version-history":[{"count":0,"href":"https:\/\/www.ifg.gr\/fr\/wp-json\/wp\/v2\/event\/47383\/revisions"}],"wp:featuredmedia":[{"embeddable":true,"href":"https:\/\/www.ifg.gr\/fr\/wp-json\/wp\/v2\/media\/47377"}],"wp:attachment":[{"href":"https:\/\/www.ifg.gr\/fr\/wp-json\/wp\/v2\/media?parent=47383"}],"wp:term":[{"taxonomy":"post_tag","embeddable":true,"href":"https:\/\/www.ifg.gr\/fr\/wp-json\/wp\/v2\/tags?post=47383"},{"taxonomy":"event_category","embeddable":true,"href":"https:\/\/www.ifg.gr\/fr\/wp-json\/wp\/v2\/event_category?post=47383"},{"taxonomy":"event_group","embeddable":true,"href":"https:\/\/www.ifg.gr\/fr\/wp-json\/wp\/v2\/event_group?post=47383"}],"curies":[{"name":"wp","href":"https:\/\/api.w.org\/{rel}","templated":true}]}}

Vendredis Cinéma : Slalom

<p>Slalom, de Charlène Favier (92 min. – 2020 – France, Belgique)<br />
avec Jérémie Renier, Noée Abita, Marie Denarnaud, Muriel Combeau, Axel Auriant, Maïra Schmitt</p>
<p>Lyz, 15 ans, vient d&rsquo;intégrer une prestigieuse section ski-études du lycée de Bourg-Saint-Maurice. Fred, ex-champion et désormais entraîneur, décide de tout miser sur sa nouvelle recrue. Galvanisée par son soutien, Lyz s&rsquo;investit à corps perdu, physiquement et émotionnellement. Elle enchaîne les succès mais bascule rapidement sous l&#8217;emprise absolue de Fred&#8230;</p>
<p><iframe loading="lazy" title="Slalom (2021) - Trailer (English Subs)" width="640" height="360" src="https://www.youtube.com/embed/C6222tNbGbs?feature=oembed" frameborder="0" allow="accelerometer; autoplay; clipboard-write; encrypted-media; gyroscope; picture-in-picture; web-share" referrerpolicy="strict-origin-when-cross-origin" allowfullscreen></iframe></p>
<p>Deux vendredis par mois, rendez-vous à l’Institut français de Grèce pour (re)découvrir des pépites du cinéma francophone.</p>

<p>Slalom, de Charlène Favier, avec Jérémie Renier, Noée Abita, Marie Denarnaud, Muriel Combeau, Axel Auriant, Maïra Schmitt</p>

plein tarif 6€ / tarif réduit 4€

Réservation de places

<!-- This site is optimized with the Yoast SEO plugin v26.8 - https://yoast.com/product/yoast-seo-wordpress/ -->
<title>Vendredis Cinéma : Slalom, de Charlène Favier (2020, France)</title>
<meta name="description" content="Slalom, de Charlène Favier, avec Jérémie Renier, Noée Abita, Marie Denarnaud, Muriel Combeau, Axel Auriant, Maïra Schmitt" />
<meta name="robots" content="index, follow, max-snippet:-1, max-image-preview:large, max-video-preview:-1" />
<link rel="canonical" href="https://www.ifg.gr/events/paraskeves-sinema-slalom/" />
<meta property="og:locale" content="fr_FR" />
<meta property="og:type" content="article" />
<meta property="og:title" content="Vendredis Cinéma : Slalom, de Charlène Favier (2020, France)" />
<meta property="og:description" content="Slalom, de Charlène Favier, avec Jérémie Renier, Noée Abita, Marie Denarnaud, Muriel Combeau, Axel Auriant, Maïra Schmitt" />
<meta property="og:url" content="https://www.ifg.gr/events/paraskeves-sinema-slalom/" />
<meta property="og:site_name" content="IFG" />
<meta property="article:modified_time" content="2022-11-22T08:41:34+00:00" />
<meta property="og:image" content="https://www.ifg.gr/wp-content/uploads/2022/11/Slalom_1200x800.jpg" />
	<meta property="og:image:width" content="1200" />
	<meta property="og:image:height" content="800" />
	<meta property="og:image:type" content="image/jpeg" />
<meta name="twitter:card" content="summary_large_image" />
<meta name="twitter:label1" content="Durée de lecture estimée" />
	<meta name="twitter:data1" content="1 minute" />
<script type="application/ld+json" class="yoast-schema-graph">{"@context":"https://schema.org","@graph":[{"@type":"WebPage","@id":"https://www.ifg.gr/events/paraskeves-sinema-slalom/","url":"https://www.ifg.gr/events/paraskeves-sinema-slalom/","name":"Vendredis Cinéma : Slalom, de Charlène Favier (2020, France)","isPartOf":{"@id":"https://www.ifg.gr/#website"},"primaryImageOfPage":{"@id":"https://www.ifg.gr/events/paraskeves-sinema-slalom/#primaryimage"},"image":{"@id":"https://www.ifg.gr/events/paraskeves-sinema-slalom/#primaryimage"},"thumbnailUrl":"https://www.ifg.gr/wp-content/uploads/2022/11/Slalom_1200x800.jpg","datePublished":"2022-11-15T14:28:59+00:00","dateModified":"2022-11-22T08:41:34+00:00","description":"Slalom, de Charlène Favier, avec Jérémie Renier, Noée Abita, Marie Denarnaud, Muriel Combeau, Axel Auriant, Maïra Schmitt","breadcrumb":{"@id":"https://www.ifg.gr/events/paraskeves-sinema-slalom/#breadcrumb"},"inLanguage":"fr-FR","potentialAction":[{"@type":"ReadAction","target":["https://www.ifg.gr/events/paraskeves-sinema-slalom/"]}]},{"@type":"ImageObject","inLanguage":"fr-FR","@id":"https://www.ifg.gr/events/paraskeves-sinema-slalom/#primaryimage","url":"https://www.ifg.gr/wp-content/uploads/2022/11/Slalom_1200x800.jpg","contentUrl":"https://www.ifg.gr/wp-content/uploads/2022/11/Slalom_1200x800.jpg","width":1200,"height":800,"caption":"Σλάλομ"},{"@type":"BreadcrumbList","@id":"https://www.ifg.gr/events/paraskeves-sinema-slalom/#breadcrumb","itemListElement":[{"@type":"ListItem","position":1,"name":"Home","item":"https://www.ifg.gr/fr/"},{"@type":"ListItem","position":2,"name":"Events","item":"https://www.ifg.gr/events/"},{"@type":"ListItem","position":3,"name":"Vendredis Cinéma : Slalom"}]},{"@type":"WebSite","@id":"https://www.ifg.gr/#website","url":"https://www.ifg.gr/","name":"IFG","description":"","potentialAction":[{"@type":"SearchAction","target":{"@type":"EntryPoint","urlTemplate":"https://www.ifg.gr/?s={search_term_string}"},"query-input":{"@type":"PropertyValueSpecification","valueRequired":true,"valueName":"search_term_string"}}],"inLanguage":"fr-FR"}]}</script>
<!-- / Yoast SEO plugin. -->

Vendredis Cinéma : Slalom, de Charlène Favier (2020, France)

Slalom, de Charlène Favier, avec Jérémie Renier, Noée Abita, Marie Denarnaud, Muriel Combeau, Axel Auriant, Maïra Schmitt

Σλάλομ
