{"id":47422,"date":"2022-11-16T09:45:44","date_gmt":"2022-11-16T09:45:44","guid":{"rendered":"https:\/\/www.ifg.gr\/events\/jour-du-prof-2022\/"},"modified":"2022-11-24T07:40:31","modified_gmt":"2022-11-24T07:40:31","slug":"jour-du-prof-2022","status":"publish","type":"event","link":"https:\/\/www.ifg.gr\/fr\/events\/jour-du-prof-2022\/","title":{"rendered":"Journ\u00e9e internationale du professeur de fran\u00e7ais 2022"},"content":{"rendered":"<p>F\u00eatons les professeurs de fran\u00e7ais, dans le cadre de la journ\u00e9e internationale du professeur de fran\u00e7ais !<\/p>\n<h3 style=\"text-align: center;\">Jeudi 24 novembre 2022<\/h3>\n<ul>\n<li><strong>de 15h \u00e0 17h45<\/strong> | webinaire des professeurs de fran\u00e7ais de Gr\u00e8ce, sur zoom<\/li>\n<\/ul>\n<p>Nous partagerons des id\u00e9es de projets, des exp\u00e9riences et des bonnes pratiques de toute la Gr\u00e8ce.<\/p>\n<p>Le webinaire se terminera par un kahoot g\u00e9ant sur l\u2019enseignement du fran\u00e7ais, la langue et la culture fran\u00e7aises.<\/p>\n<p><a href=\"https:\/\/forms.gle\/75MvW4qehnvzpewH7\" target=\"_blank\" rel=\"noopener\"><strong>Sur inscription<\/strong><\/a> seulement jusqu\u2019au lundi 21 novembre 2022.<\/p>\n<p>&nbsp;<\/p>\n<ul>\n<li><strong>18h30<\/strong> | projection de <em>\u00c0 l\u2019abordage,<\/em> de Guillaume Brac (2020)<br \/>\nAuditorium Theo Angelopoulos (Institut fran\u00e7ais de Gr\u00e8ce, Sina 31, Ath\u00e8nes)<\/li>\n<\/ul>\n<p>Le film sera suivi d\u2019un coquetel d\u00eenatoire pour f\u00eater l\u2019arriv\u00e9e du Beaujolais nouveau.<\/p>\n<p><a href=\"https:\/\/forms.gle\/PHNcWEvij2z4Zw6F6\" target=\"_blank\" rel=\"noopener\"><strong>Sur inscription<\/strong><\/a><\/p>\n<p>&nbsp;<\/p>\n<h3 style=\"text-align: center;\">vendredi 25 novembre 2022, 15h30 &#8211; 17h00<\/h3>\n<ul>\n<li>webinaire d\u2019Emilie Benoit-Matthieu \u00ab Quoi de neuf en France ? \u00bb<\/li>\n<\/ul>\n<p><a href=\"https:\/\/forms.gle\/DDDuF9EeGPoWD9qf7\" target=\"_blank\" rel=\"noopener\"><strong>Sur inscription<\/strong><\/a> seulement jusqu\u2019au vendredi 18 novembre 2022.<\/p>\n<p>En collaboration avec l\u2019APF, l\u2019APLF et PA.SY.KA.GA et les conseillers p\u00e9dagogiques r\u00e9gionaux de fran\u00e7ais que nous remercions tous.<\/p>\n<p><img loading=\"lazy\" decoding=\"async\" class=\"alignnone size-full wp-image-47410\" src=\"https:\/\/www.ifg.gr\/wp-content\/uploads\/2022\/11\/Linkedin_520x320_JIPF2022.jpg\" alt=\"\" width=\"520\" height=\"320\" srcset=\"https:\/\/www.ifg.gr\/wp-content\/uploads\/2022\/11\/Linkedin_520x320_JIPF2022.jpg 520w, https:\/\/www.ifg.gr\/wp-content\/uploads\/2022\/11\/Linkedin_520x320_JIPF2022-211x130.jpg 211w\" sizes=\"auto, (max-width: 520px) 100vw, 520px\" \/><\/p>\n","protected":false},"excerpt":{"rendered":"<p>F\u00eatons les professeurs de fran\u00e7ais, dans le cadre de la journ\u00e9e internationale du professeur de fran\u00e7ais !<\/p>\n","protected":false},"author":1,"featured_media":36529,"template":"","tags":[1328,1329,1327,1004],"event_category":[853],"event_group":[],"class_list":["post-47422","event","type-event","status-publish","has-post-thumbnail","hentry","tag-journee-internationale-du-professeur-de-francais","tag-langue-francaise","tag-pagkosmia-imera-ekpaideftikon-gallikis-glossas-fr","tag-galliki-glossa-fr","event_category-education"],"acf":{"sponsors_default":false,"featured_image_credits":"","info_title":"","info_text":"","date_range":{"start":"24\/11\/2022","end":"25\/11\/2022","cancelled":false,"note":"","start_time":"","end_time":""},"details":{"location":"","hyperlink1a":{"text":"","link":""},"price":"Entr\u00e9e libre - Inscription obligatoire","hyperlink2a":{"text":"Programme","link":"https:\/\/www.ifg.gr\/wp-content\/uploads\/2022\/11\/jour-du-prof-2022-FR.pdf"},"online_event":false,"live_streaming":false,"live_streaming_code":"","facebook_url":"","hyperlink":{"text":"","link":""},"hyperlink2":{"text":"","link":""},"hyperlink3":{"text":"","link":""},"press_release":false},"home_slider_image":false,"sponsors_group":false,"layout":false},"yoast_head":"<!-- This site is optimized with the Yoast SEO plugin v26.8 - https:\/\/yoast.com\/product\/yoast-seo-wordpress\/ -->\n<title>Journ\u00e9e internationale du professeur de fran\u00e7ais 2022<\/title>\n<meta name=\"description\" content=\"F\u00eatons les professeurs de fran\u00e7ais, dans le cadre de la journ\u00e9e internationale du professeur de fran\u00e7ais !\" \/>\n<meta name=\"robots\" content=\"index, follow, max-snippet:-1, max-image-preview:large, max-video-preview:-1\" \/>\n<link rel=\"canonical\" href=\"https:\/\/www.ifg.gr\/events\/jour-du-prof-2022\/\" \/>\n<meta property=\"og:locale\" content=\"fr_FR\" \/>\n<meta property=\"og:type\" content=\"article\" \/>\n<meta property=\"og:title\" content=\"Journ\u00e9e internationale du professeur de fran\u00e7ais 2022\" \/>\n<meta property=\"og:description\" content=\"F\u00eatons les professeurs de fran\u00e7ais, dans le cadre de la journ\u00e9e internationale du professeur de fran\u00e7ais !\" \/>\n<meta property=\"og:url\" content=\"https:\/\/www.ifg.gr\/events\/jour-du-prof-2022\/\" \/>\n<meta property=\"og:site_name\" content=\"IFG\" \/>\n<meta property=\"article:modified_time\" content=\"2022-11-24T07:40:31+00:00\" \/>\n<meta property=\"og:image\" content=\"https:\/\/www.ifg.gr\/wp-content\/uploads\/2021\/11\/lejourduprof_1200x800.jpg\" \/>\n\t<meta property=\"og:image:width\" content=\"1200\" \/>\n\t<meta property=\"og:image:height\" content=\"800\" \/>\n\t<meta property=\"og:image:type\" content=\"image\/jpeg\" \/>\n<meta name=\"twitter:card\" content=\"summary_large_image\" \/>\n<meta name=\"twitter:label1\" content=\"Dur\u00e9e de lecture estim\u00e9e\" \/>\n\t<meta name=\"twitter:data1\" content=\"1 minute\" \/>\n<script type=\"application\/ld+json\" class=\"yoast-schema-graph\">{\"@context\":\"https:\/\/schema.org\",\"@graph\":[{\"@type\":\"WebPage\",\"@id\":\"https:\/\/www.ifg.gr\/events\/jour-du-prof-2022\/\",\"url\":\"https:\/\/www.ifg.gr\/events\/jour-du-prof-2022\/\",\"name\":\"Journ\u00e9e internationale du professeur de fran\u00e7ais 2022\",\"isPartOf\":{\"@id\":\"https:\/\/www.ifg.gr\/#website\"},\"primaryImageOfPage\":{\"@id\":\"https:\/\/www.ifg.gr\/events\/jour-du-prof-2022\/#primaryimage\"},\"image\":{\"@id\":\"https:\/\/www.ifg.gr\/events\/jour-du-prof-2022\/#primaryimage\"},\"thumbnailUrl\":\"https:\/\/www.ifg.gr\/wp-content\/uploads\/2021\/11\/lejourduprof_1200x800.jpg\",\"datePublished\":\"2022-11-16T09:45:44+00:00\",\"dateModified\":\"2022-11-24T07:40:31+00:00\",\"description\":\"F\u00eatons les professeurs de fran\u00e7ais, dans le cadre de la journ\u00e9e internationale du professeur de fran\u00e7ais !\",\"breadcrumb\":{\"@id\":\"https:\/\/www.ifg.gr\/events\/jour-du-prof-2022\/#breadcrumb\"},\"inLanguage\":\"fr-FR\",\"potentialAction\":[{\"@type\":\"ReadAction\",\"target\":[\"https:\/\/www.ifg.gr\/events\/jour-du-prof-2022\/\"]}]},{\"@type\":\"ImageObject\",\"inLanguage\":\"fr-FR\",\"@id\":\"https:\/\/www.ifg.gr\/events\/jour-du-prof-2022\/#primaryimage\",\"url\":\"https:\/\/www.ifg.gr\/wp-content\/uploads\/2021\/11\/lejourduprof_1200x800.jpg\",\"contentUrl\":\"https:\/\/www.ifg.gr\/wp-content\/uploads\/2021\/11\/lejourduprof_1200x800.jpg\",\"width\":1200,\"height\":800},{\"@type\":\"BreadcrumbList\",\"@id\":\"https:\/\/www.ifg.gr\/events\/jour-du-prof-2022\/#breadcrumb\",\"itemListElement\":[{\"@type\":\"ListItem\",\"position\":1,\"name\":\"Home\",\"item\":\"https:\/\/www.ifg.gr\/fr\/\"},{\"@type\":\"ListItem\",\"position\":2,\"name\":\"Events\",\"item\":\"https:\/\/www.ifg.gr\/events\/\"},{\"@type\":\"ListItem\",\"position\":3,\"name\":\"Journ\u00e9e internationale du professeur de fran\u00e7ais 2022\"}]},{\"@type\":\"WebSite\",\"@id\":\"https:\/\/www.ifg.gr\/#website\",\"url\":\"https:\/\/www.ifg.gr\/\",\"name\":\"IFG\",\"description\":\"\",\"potentialAction\":[{\"@type\":\"SearchAction\",\"target\":{\"@type\":\"EntryPoint\",\"urlTemplate\":\"https:\/\/www.ifg.gr\/?s={search_term_string}\"},\"query-input\":{\"@type\":\"PropertyValueSpecification\",\"valueRequired\":true,\"valueName\":\"search_term_string\"}}],\"inLanguage\":\"fr-FR\"}]}<\/script>\n<!-- \/ Yoast SEO plugin. -->","yoast_head_json":{"title":"Journ\u00e9e internationale du professeur de fran\u00e7ais 2022","description":"F\u00eatons les professeurs de fran\u00e7ais, dans le cadre de la journ\u00e9e internationale du professeur de fran\u00e7ais !","robots":{"index":"index","follow":"follow","max-snippet":"max-snippet:-1","max-image-preview":"max-image-preview:large","max-video-preview":"max-video-preview:-1"},"canonical":"https:\/\/www.ifg.gr\/events\/jour-du-prof-2022\/","og_locale":"fr_FR","og_type":"article","og_title":"Journ\u00e9e internationale du professeur de fran\u00e7ais 2022","og_description":"F\u00eatons les professeurs de fran\u00e7ais, dans le cadre de la journ\u00e9e internationale du professeur de fran\u00e7ais !","og_url":"https:\/\/www.ifg.gr\/events\/jour-du-prof-2022\/","og_site_name":"IFG","article_modified_time":"2022-11-24T07:40:31+00:00","og_image":[{"width":1200,"height":800,"url":"https:\/\/www.ifg.gr\/wp-content\/uploads\/2021\/11\/lejourduprof_1200x800.jpg","type":"image\/jpeg"}],"twitter_card":"summary_large_image","twitter_misc":{"Dur\u00e9e de lecture estim\u00e9e":"1 minute"},"schema":{"@context":"https:\/\/schema.org","@graph":[{"@type":"WebPage","@id":"https:\/\/www.ifg.gr\/events\/jour-du-prof-2022\/","url":"https:\/\/www.ifg.gr\/events\/jour-du-prof-2022\/","name":"Journ\u00e9e internationale du professeur de fran\u00e7ais 2022","isPartOf":{"@id":"https:\/\/www.ifg.gr\/#website"},"primaryImageOfPage":{"@id":"https:\/\/www.ifg.gr\/events\/jour-du-prof-2022\/#primaryimage"},"image":{"@id":"https:\/\/www.ifg.gr\/events\/jour-du-prof-2022\/#primaryimage"},"thumbnailUrl":"https:\/\/www.ifg.gr\/wp-content\/uploads\/2021\/11\/lejourduprof_1200x800.jpg","datePublished":"2022-11-16T09:45:44+00:00","dateModified":"2022-11-24T07:40:31+00:00","description":"F\u00eatons les professeurs de fran\u00e7ais, dans le cadre de la journ\u00e9e internationale du professeur de fran\u00e7ais !","breadcrumb":{"@id":"https:\/\/www.ifg.gr\/events\/jour-du-prof-2022\/#breadcrumb"},"inLanguage":"fr-FR","potentialAction":[{"@type":"ReadAction","target":["https:\/\/www.ifg.gr\/events\/jour-du-prof-2022\/"]}]},{"@type":"ImageObject","inLanguage":"fr-FR","@id":"https:\/\/www.ifg.gr\/events\/jour-du-prof-2022\/#primaryimage","url":"https:\/\/www.ifg.gr\/wp-content\/uploads\/2021\/11\/lejourduprof_1200x800.jpg","contentUrl":"https:\/\/www.ifg.gr\/wp-content\/uploads\/2021\/11\/lejourduprof_1200x800.jpg","width":1200,"height":800},{"@type":"BreadcrumbList","@id":"https:\/\/www.ifg.gr\/events\/jour-du-prof-2022\/#breadcrumb","itemListElement":[{"@type":"ListItem","position":1,"name":"Home","item":"https:\/\/www.ifg.gr\/fr\/"},{"@type":"ListItem","position":2,"name":"Events","item":"https:\/\/www.ifg.gr\/events\/"},{"@type":"ListItem","position":3,"name":"Journ\u00e9e internationale du professeur de fran\u00e7ais 2022"}]},{"@type":"WebSite","@id":"https:\/\/www.ifg.gr\/#website","url":"https:\/\/www.ifg.gr\/","name":"IFG","description":"","potentialAction":[{"@type":"SearchAction","target":{"@type":"EntryPoint","urlTemplate":"https:\/\/www.ifg.gr\/?s={search_term_string}"},"query-input":{"@type":"PropertyValueSpecification","valueRequired":true,"valueName":"search_term_string"}}],"inLanguage":"fr-FR"}]}},"_links":{"self":[{"href":"https:\/\/www.ifg.gr\/fr\/wp-json\/wp\/v2\/event\/47422","targetHints":{"allow":["GET"]}}],"collection":[{"href":"https:\/\/www.ifg.gr\/fr\/wp-json\/wp\/v2\/event"}],"about":[{"href":"https:\/\/www.ifg.gr\/fr\/wp-json\/wp\/v2\/types\/event"}],"author":[{"embeddable":true,"href":"https:\/\/www.ifg.gr\/fr\/wp-json\/wp\/v2\/users\/1"}],"version-history":[{"count":0,"href":"https:\/\/www.ifg.gr\/fr\/wp-json\/wp\/v2\/event\/47422\/revisions"}],"wp:featuredmedia":[{"embeddable":true,"href":"https:\/\/www.ifg.gr\/fr\/wp-json\/wp\/v2\/media\/36529"}],"wp:attachment":[{"href":"https:\/\/www.ifg.gr\/fr\/wp-json\/wp\/v2\/media?parent=47422"}],"wp:term":[{"taxonomy":"post_tag","embeddable":true,"href":"https:\/\/www.ifg.gr\/fr\/wp-json\/wp\/v2\/tags?post=47422"},{"taxonomy":"event_category","embeddable":true,"href":"https:\/\/www.ifg.gr\/fr\/wp-json\/wp\/v2\/event_category?post=47422"},{"taxonomy":"event_group","embeddable":true,"href":"https:\/\/www.ifg.gr\/fr\/wp-json\/wp\/v2\/event_group?post=47422"}],"curies":[{"name":"wp","href":"https:\/\/api.w.org\/{rel}","templated":true}]}}

Journée internationale du professeur de français 2022

<p>Fêtons les professeurs de français, dans le cadre de la journée internationale du professeur de français !</p>
<h3 style="text-align: center;">Jeudi 24 novembre 2022</h3>
<ul>
<li><strong>de 15h à 17h45</strong> | webinaire des professeurs de français de Grèce, sur zoom</li>
</ul>
<p>Nous partagerons des idées de projets, des expériences et des bonnes pratiques de toute la Grèce.</p>
<p>Le webinaire se terminera par un kahoot géant sur l’enseignement du français, la langue et la culture françaises.</p>
<p><a href="https://forms.gle/75MvW4qehnvzpewH7" target="_blank" rel="noopener"><strong>Sur inscription</strong></a> seulement jusqu’au lundi 21 novembre 2022.</p>
<p>&nbsp;</p>
<ul>
<li><strong>18h30</strong> | projection de <em>À l’abordage,</em> de Guillaume Brac (2020)<br />
Auditorium Theo Angelopoulos (Institut français de Grèce, Sina 31, Athènes)</li>
</ul>
<p>Le film sera suivi d’un coquetel dînatoire pour fêter l’arrivée du Beaujolais nouveau.</p>
<p><a href="https://forms.gle/PHNcWEvij2z4Zw6F6" target="_blank" rel="noopener"><strong>Sur inscription</strong></a></p>
<p>&nbsp;</p>
<h3 style="text-align: center;">vendredi 25 novembre 2022, 15h30 &#8211; 17h00</h3>
<ul>
<li>webinaire d’Emilie Benoit-Matthieu « Quoi de neuf en France ? »</li>
</ul>
<p><a href="https://forms.gle/DDDuF9EeGPoWD9qf7" target="_blank" rel="noopener"><strong>Sur inscription</strong></a> seulement jusqu’au vendredi 18 novembre 2022.</p>
<p>En collaboration avec l’APF, l’APLF et PA.SY.KA.GA et les conseillers pédagogiques régionaux de français que nous remercions tous.</p>
<p><img loading="lazy" decoding="async" class="alignnone size-full wp-image-47410" src="https://www.ifg.gr/wp-content/uploads/2022/11/Linkedin_520x320_JIPF2022.jpg" alt="" width="520" height="320" srcset="https://www.ifg.gr/wp-content/uploads/2022/11/Linkedin_520x320_JIPF2022.jpg 520w, https://www.ifg.gr/wp-content/uploads/2022/11/Linkedin_520x320_JIPF2022-211x130.jpg 211w" sizes="auto, (max-width: 520px) 100vw, 520px" /></p>

<p>Fêtons les professeurs de français, dans le cadre de la journée internationale du professeur de français !</p>

Entrée libre - Inscription obligatoire

<!-- This site is optimized with the Yoast SEO plugin v26.8 - https://yoast.com/product/yoast-seo-wordpress/ -->
<title>Journée internationale du professeur de français 2022</title>
<meta name="description" content="Fêtons les professeurs de français, dans le cadre de la journée internationale du professeur de français !" />
<meta name="robots" content="index, follow, max-snippet:-1, max-image-preview:large, max-video-preview:-1" />
<link rel="canonical" href="https://www.ifg.gr/events/jour-du-prof-2022/" />
<meta property="og:locale" content="fr_FR" />
<meta property="og:type" content="article" />
<meta property="og:title" content="Journée internationale du professeur de français 2022" />
<meta property="og:description" content="Fêtons les professeurs de français, dans le cadre de la journée internationale du professeur de français !" />
<meta property="og:url" content="https://www.ifg.gr/events/jour-du-prof-2022/" />
<meta property="og:site_name" content="IFG" />
<meta property="article:modified_time" content="2022-11-24T07:40:31+00:00" />
<meta property="og:image" content="https://www.ifg.gr/wp-content/uploads/2021/11/lejourduprof_1200x800.jpg" />
	<meta property="og:image:width" content="1200" />
	<meta property="og:image:height" content="800" />
	<meta property="og:image:type" content="image/jpeg" />
<meta name="twitter:card" content="summary_large_image" />
<meta name="twitter:label1" content="Durée de lecture estimée" />
	<meta name="twitter:data1" content="1 minute" />
<script type="application/ld+json" class="yoast-schema-graph">{"@context":"https://schema.org","@graph":[{"@type":"WebPage","@id":"https://www.ifg.gr/events/jour-du-prof-2022/","url":"https://www.ifg.gr/events/jour-du-prof-2022/","name":"Journée internationale du professeur de français 2022","isPartOf":{"@id":"https://www.ifg.gr/#website"},"primaryImageOfPage":{"@id":"https://www.ifg.gr/events/jour-du-prof-2022/#primaryimage"},"image":{"@id":"https://www.ifg.gr/events/jour-du-prof-2022/#primaryimage"},"thumbnailUrl":"https://www.ifg.gr/wp-content/uploads/2021/11/lejourduprof_1200x800.jpg","datePublished":"2022-11-16T09:45:44+00:00","dateModified":"2022-11-24T07:40:31+00:00","description":"Fêtons les professeurs de français, dans le cadre de la journée internationale du professeur de français !","breadcrumb":{"@id":"https://www.ifg.gr/events/jour-du-prof-2022/#breadcrumb"},"inLanguage":"fr-FR","potentialAction":[{"@type":"ReadAction","target":["https://www.ifg.gr/events/jour-du-prof-2022/"]}]},{"@type":"ImageObject","inLanguage":"fr-FR","@id":"https://www.ifg.gr/events/jour-du-prof-2022/#primaryimage","url":"https://www.ifg.gr/wp-content/uploads/2021/11/lejourduprof_1200x800.jpg","contentUrl":"https://www.ifg.gr/wp-content/uploads/2021/11/lejourduprof_1200x800.jpg","width":1200,"height":800},{"@type":"BreadcrumbList","@id":"https://www.ifg.gr/events/jour-du-prof-2022/#breadcrumb","itemListElement":[{"@type":"ListItem","position":1,"name":"Home","item":"https://www.ifg.gr/fr/"},{"@type":"ListItem","position":2,"name":"Events","item":"https://www.ifg.gr/events/"},{"@type":"ListItem","position":3,"name":"Journée internationale du professeur de français 2022"}]},{"@type":"WebSite","@id":"https://www.ifg.gr/#website","url":"https://www.ifg.gr/","name":"IFG","description":"","potentialAction":[{"@type":"SearchAction","target":{"@type":"EntryPoint","urlTemplate":"https://www.ifg.gr/?s={search_term_string}"},"query-input":{"@type":"PropertyValueSpecification","valueRequired":true,"valueName":"search_term_string"}}],"inLanguage":"fr-FR"}]}</script>
<!-- / Yoast SEO plugin. -->

Fêtons les professeurs de français, dans le cadre de la journée internationale du professeur de français !
