{"id":64746,"date":"2025-09-05T14:40:46","date_gmt":"2025-09-05T11:40:46","guid":{"rendered":"https:\/\/www.ifg.gr\/events\/webinaire-delf-dalf-sorbonne-special-rentree-2025\/"},"modified":"2025-09-05T14:48:08","modified_gmt":"2025-09-05T11:48:08","slug":"webinaire-delf-dalf-sorbonne-special-rentree-2025","status":"publish","type":"event","link":"https:\/\/www.ifg.gr\/fr\/events\/webinaire-delf-dalf-sorbonne-special-rentree-2025\/","title":{"rendered":"Webinaire DELF &#8211; DALF\/Sorbonne : Sp\u00e9cial Rentr\u00e9e !"},"content":{"rendered":"<p>Le Service des Examens et Certifications de l\u2019Institut Fran\u00e7ais de Gr\u00e8ce organise un webinaire <strong>le mercredi 10 septembre<\/strong>, destin\u00e9 aux professeurs, aux centres de langues ainsi qu\u2019aux \u00e9coles qui pr\u00e9parent des candidats pour les examens des seules certifications officielles de la langue fran\u00e7aise.<\/p>\n<p>Cette communication a pour but de fournir une information compl\u00e8te concernant les examens. Les participants auront la possibilit\u00e9 de poser des questions, d\u2019exprimer leurs pr\u00e9occupations et de demander des \u00e9claircissements pour les certifications <strong>DELF, DALF, Sorbonne, TCF<\/strong> et <strong>CCI<\/strong>.<\/p>\n<p>Veuillez-vous inscrire au webinaire en suivant le lien ci-dessous :<br \/>\n<strong><a href=\"https:\/\/zoom.us\/webinar\/register\/WN_Cqgpk6DESgmYHIQB5-BmcA\" target=\"_blank\" rel=\"noopener\">https:\/\/zoom.us\/webinar\/register\/WN_Cqgpk6DESgmYHIQB5-BmcA<\/a><\/strong><\/p>\n<p><img loading=\"lazy\" decoding=\"async\" class=\"alignnone wp-image-53135\" src=\"https:\/\/www.ifg.gr\/wp-content\/uploads\/2023\/09\/VIBER_Service-des-Examens-et-des-Certifications_new_SORBONNEKitrino__4-Copie.jpg\" alt=\"\" width=\"500\" height=\"389\" srcset=\"https:\/\/www.ifg.gr\/wp-content\/uploads\/2023\/09\/VIBER_Service-des-Examens-et-des-Certifications_new_SORBONNEKitrino__4-Copie.jpg 1500w, https:\/\/www.ifg.gr\/wp-content\/uploads\/2023\/09\/VIBER_Service-des-Examens-et-des-Certifications_new_SORBONNEKitrino__4-Copie-768x598.jpg 768w, https:\/\/www.ifg.gr\/wp-content\/uploads\/2023\/09\/VIBER_Service-des-Examens-et-des-Certifications_new_SORBONNEKitrino__4-Copie-1285x1000.jpg 1285w, https:\/\/www.ifg.gr\/wp-content\/uploads\/2023\/09\/VIBER_Service-des-Examens-et-des-Certifications_new_SORBONNEKitrino__4-Copie-167x130.jpg 167w\" sizes=\"auto, (max-width: 500px) 100vw, 500px\" \/><\/p>\n","protected":false},"excerpt":{"rendered":"<p>Pour vous permettre de poser vos questions sur les certifications DELF-DALF\/Sorbonne\/TCF\/CCI. Inscription obligatoire.<\/p>\n","protected":false},"author":18,"featured_media":61887,"template":"","tags":[1818,1535,916],"event_category":[1012],"event_group":[],"class_list":["post-64746","event","type-event","status-publish","has-post-thumbnail","hentry","tag-delf-dalf","tag-webinaire-fr","tag-sorbonne-fr","event_category-examens"],"acf":{"sponsors_default":false,"info_title":"","info_text":"","date_range":{"start":"10\/09\/2025","end":"","cancelled":false,"note":"","start_time":"14:00","end_time":"15:00"},"details":{"location":"","hyperlink1a":{"text":"","link":""},"price":"","hyperlink2a":{"text":"Inscription obligatoire","link":"https:\/\/zoom.us\/webinar\/register\/WN_Cqgpk6DESgmYHIQB5-BmcA"},"online_event":true,"live_streaming":false,"live_streaming_code":"","facebook_url":"","hyperlink":{"text":"","link":""},"hyperlink2":{"text":"","link":""},"hyperlink3":{"text":"","link":""},"press_release":false},"featured_image_credits":"","home_slider_image":false,"sponsors_group":false,"layout":false},"yoast_head":"<!-- This site is optimized with the Yoast SEO plugin v26.8 - https:\/\/yoast.com\/product\/yoast-seo-wordpress\/ -->\n<title>Webinaire DELF - DALF\/Sorbonne : Sp\u00e9cial Rentr\u00e9e !<\/title>\n<meta name=\"description\" content=\"Pour vous permettre de poser vos questions sur les certifications DELF-DALF\/Sorbonne\/TCF\/CCI. Inscription obligatoire.\" \/>\n<meta name=\"robots\" content=\"index, follow, max-snippet:-1, max-image-preview:large, max-video-preview:-1\" \/>\n<link rel=\"canonical\" href=\"https:\/\/www.ifg.gr\/fr\/events\/webinaire-delf-dalf-sorbonne-special-rentree-2025\/\" \/>\n<meta property=\"og:locale\" content=\"fr_FR\" \/>\n<meta property=\"og:type\" content=\"article\" \/>\n<meta property=\"og:title\" content=\"Webinaire DELF - DALF\/Sorbonne : Sp\u00e9cial Rentr\u00e9e !\" \/>\n<meta property=\"og:description\" content=\"Pour vous permettre de poser vos questions sur les certifications DELF-DALF\/Sorbonne\/TCF\/CCI. Inscription obligatoire.\" \/>\n<meta property=\"og:url\" content=\"https:\/\/www.ifg.gr\/fr\/events\/webinaire-delf-dalf-sorbonne-special-rentree-2025\/\" \/>\n<meta property=\"og:site_name\" content=\"IFG\" \/>\n<meta property=\"article:modified_time\" content=\"2025-09-05T11:48:08+00:00\" \/>\n<meta property=\"og:image\" content=\"https:\/\/www.ifg.gr\/wp-content\/uploads\/2025\/04\/Examinateurs-1200-800.jpg\" \/>\n\t<meta property=\"og:image:width\" content=\"1200\" \/>\n\t<meta property=\"og:image:height\" content=\"800\" \/>\n\t<meta property=\"og:image:type\" content=\"image\/jpeg\" \/>\n<meta name=\"twitter:card\" content=\"summary_large_image\" \/>\n<meta name=\"twitter:label1\" content=\"Dur\u00e9e de lecture estim\u00e9e\" \/>\n\t<meta name=\"twitter:data1\" content=\"1 minute\" \/>\n<script type=\"application\/ld+json\" class=\"yoast-schema-graph\">{\"@context\":\"https:\/\/schema.org\",\"@graph\":[{\"@type\":\"WebPage\",\"@id\":\"https:\/\/www.ifg.gr\/fr\/events\/webinaire-delf-dalf-sorbonne-special-rentree-2025\/\",\"url\":\"https:\/\/www.ifg.gr\/fr\/events\/webinaire-delf-dalf-sorbonne-special-rentree-2025\/\",\"name\":\"Webinaire DELF - DALF\/Sorbonne : Sp\u00e9cial Rentr\u00e9e !\",\"isPartOf\":{\"@id\":\"https:\/\/www.ifg.gr\/#website\"},\"primaryImageOfPage\":{\"@id\":\"https:\/\/www.ifg.gr\/fr\/events\/webinaire-delf-dalf-sorbonne-special-rentree-2025\/#primaryimage\"},\"image\":{\"@id\":\"https:\/\/www.ifg.gr\/fr\/events\/webinaire-delf-dalf-sorbonne-special-rentree-2025\/#primaryimage\"},\"thumbnailUrl\":\"https:\/\/www.ifg.gr\/wp-content\/uploads\/2025\/04\/Examinateurs-1200-800.jpg\",\"datePublished\":\"2025-09-05T11:40:46+00:00\",\"dateModified\":\"2025-09-05T11:48:08+00:00\",\"description\":\"Pour vous permettre de poser vos questions sur les certifications DELF-DALF\/Sorbonne\/TCF\/CCI. Inscription obligatoire.\",\"breadcrumb\":{\"@id\":\"https:\/\/www.ifg.gr\/fr\/events\/webinaire-delf-dalf-sorbonne-special-rentree-2025\/#breadcrumb\"},\"inLanguage\":\"fr-FR\",\"potentialAction\":[{\"@type\":\"ReadAction\",\"target\":[\"https:\/\/www.ifg.gr\/fr\/events\/webinaire-delf-dalf-sorbonne-special-rentree-2025\/\"]}]},{\"@type\":\"ImageObject\",\"inLanguage\":\"fr-FR\",\"@id\":\"https:\/\/www.ifg.gr\/fr\/events\/webinaire-delf-dalf-sorbonne-special-rentree-2025\/#primaryimage\",\"url\":\"https:\/\/www.ifg.gr\/wp-content\/uploads\/2025\/04\/Examinateurs-1200-800.jpg\",\"contentUrl\":\"https:\/\/www.ifg.gr\/wp-content\/uploads\/2025\/04\/Examinateurs-1200-800.jpg\",\"width\":1200,\"height\":800},{\"@type\":\"BreadcrumbList\",\"@id\":\"https:\/\/www.ifg.gr\/fr\/events\/webinaire-delf-dalf-sorbonne-special-rentree-2025\/#breadcrumb\",\"itemListElement\":[{\"@type\":\"ListItem\",\"position\":1,\"name\":\"Home\",\"item\":\"https:\/\/www.ifg.gr\/fr\/\"},{\"@type\":\"ListItem\",\"position\":2,\"name\":\"Events\",\"item\":\"https:\/\/www.ifg.gr\/events\/\"},{\"@type\":\"ListItem\",\"position\":3,\"name\":\"Webinaire DELF &#8211; DALF\/Sorbonne : Sp\u00e9cial Rentr\u00e9e !\"}]},{\"@type\":\"WebSite\",\"@id\":\"https:\/\/www.ifg.gr\/#website\",\"url\":\"https:\/\/www.ifg.gr\/\",\"name\":\"IFG\",\"description\":\"\",\"potentialAction\":[{\"@type\":\"SearchAction\",\"target\":{\"@type\":\"EntryPoint\",\"urlTemplate\":\"https:\/\/www.ifg.gr\/?s={search_term_string}\"},\"query-input\":{\"@type\":\"PropertyValueSpecification\",\"valueRequired\":true,\"valueName\":\"search_term_string\"}}],\"inLanguage\":\"fr-FR\"}]}<\/script>\n<!-- \/ Yoast SEO plugin. -->","yoast_head_json":{"title":"Webinaire DELF - DALF\/Sorbonne : Sp\u00e9cial Rentr\u00e9e !","description":"Pour vous permettre de poser vos questions sur les certifications DELF-DALF\/Sorbonne\/TCF\/CCI. Inscription obligatoire.","robots":{"index":"index","follow":"follow","max-snippet":"max-snippet:-1","max-image-preview":"max-image-preview:large","max-video-preview":"max-video-preview:-1"},"canonical":"https:\/\/www.ifg.gr\/fr\/events\/webinaire-delf-dalf-sorbonne-special-rentree-2025\/","og_locale":"fr_FR","og_type":"article","og_title":"Webinaire DELF - DALF\/Sorbonne : Sp\u00e9cial Rentr\u00e9e !","og_description":"Pour vous permettre de poser vos questions sur les certifications DELF-DALF\/Sorbonne\/TCF\/CCI. Inscription obligatoire.","og_url":"https:\/\/www.ifg.gr\/fr\/events\/webinaire-delf-dalf-sorbonne-special-rentree-2025\/","og_site_name":"IFG","article_modified_time":"2025-09-05T11:48:08+00:00","og_image":[{"width":1200,"height":800,"url":"https:\/\/www.ifg.gr\/wp-content\/uploads\/2025\/04\/Examinateurs-1200-800.jpg","type":"image\/jpeg"}],"twitter_card":"summary_large_image","twitter_misc":{"Dur\u00e9e de lecture estim\u00e9e":"1 minute"},"schema":{"@context":"https:\/\/schema.org","@graph":[{"@type":"WebPage","@id":"https:\/\/www.ifg.gr\/fr\/events\/webinaire-delf-dalf-sorbonne-special-rentree-2025\/","url":"https:\/\/www.ifg.gr\/fr\/events\/webinaire-delf-dalf-sorbonne-special-rentree-2025\/","name":"Webinaire DELF - DALF\/Sorbonne : Sp\u00e9cial Rentr\u00e9e !","isPartOf":{"@id":"https:\/\/www.ifg.gr\/#website"},"primaryImageOfPage":{"@id":"https:\/\/www.ifg.gr\/fr\/events\/webinaire-delf-dalf-sorbonne-special-rentree-2025\/#primaryimage"},"image":{"@id":"https:\/\/www.ifg.gr\/fr\/events\/webinaire-delf-dalf-sorbonne-special-rentree-2025\/#primaryimage"},"thumbnailUrl":"https:\/\/www.ifg.gr\/wp-content\/uploads\/2025\/04\/Examinateurs-1200-800.jpg","datePublished":"2025-09-05T11:40:46+00:00","dateModified":"2025-09-05T11:48:08+00:00","description":"Pour vous permettre de poser vos questions sur les certifications DELF-DALF\/Sorbonne\/TCF\/CCI. Inscription obligatoire.","breadcrumb":{"@id":"https:\/\/www.ifg.gr\/fr\/events\/webinaire-delf-dalf-sorbonne-special-rentree-2025\/#breadcrumb"},"inLanguage":"fr-FR","potentialAction":[{"@type":"ReadAction","target":["https:\/\/www.ifg.gr\/fr\/events\/webinaire-delf-dalf-sorbonne-special-rentree-2025\/"]}]},{"@type":"ImageObject","inLanguage":"fr-FR","@id":"https:\/\/www.ifg.gr\/fr\/events\/webinaire-delf-dalf-sorbonne-special-rentree-2025\/#primaryimage","url":"https:\/\/www.ifg.gr\/wp-content\/uploads\/2025\/04\/Examinateurs-1200-800.jpg","contentUrl":"https:\/\/www.ifg.gr\/wp-content\/uploads\/2025\/04\/Examinateurs-1200-800.jpg","width":1200,"height":800},{"@type":"BreadcrumbList","@id":"https:\/\/www.ifg.gr\/fr\/events\/webinaire-delf-dalf-sorbonne-special-rentree-2025\/#breadcrumb","itemListElement":[{"@type":"ListItem","position":1,"name":"Home","item":"https:\/\/www.ifg.gr\/fr\/"},{"@type":"ListItem","position":2,"name":"Events","item":"https:\/\/www.ifg.gr\/events\/"},{"@type":"ListItem","position":3,"name":"Webinaire DELF &#8211; DALF\/Sorbonne : Sp\u00e9cial Rentr\u00e9e !"}]},{"@type":"WebSite","@id":"https:\/\/www.ifg.gr\/#website","url":"https:\/\/www.ifg.gr\/","name":"IFG","description":"","potentialAction":[{"@type":"SearchAction","target":{"@type":"EntryPoint","urlTemplate":"https:\/\/www.ifg.gr\/?s={search_term_string}"},"query-input":{"@type":"PropertyValueSpecification","valueRequired":true,"valueName":"search_term_string"}}],"inLanguage":"fr-FR"}]}},"_links":{"self":[{"href":"https:\/\/www.ifg.gr\/fr\/wp-json\/wp\/v2\/event\/64746","targetHints":{"allow":["GET"]}}],"collection":[{"href":"https:\/\/www.ifg.gr\/fr\/wp-json\/wp\/v2\/event"}],"about":[{"href":"https:\/\/www.ifg.gr\/fr\/wp-json\/wp\/v2\/types\/event"}],"author":[{"embeddable":true,"href":"https:\/\/www.ifg.gr\/fr\/wp-json\/wp\/v2\/users\/18"}],"version-history":[{"count":3,"href":"https:\/\/www.ifg.gr\/fr\/wp-json\/wp\/v2\/event\/64746\/revisions"}],"predecessor-version":[{"id":64749,"href":"https:\/\/www.ifg.gr\/fr\/wp-json\/wp\/v2\/event\/64746\/revisions\/64749"}],"wp:featuredmedia":[{"embeddable":true,"href":"https:\/\/www.ifg.gr\/fr\/wp-json\/wp\/v2\/media\/61887"}],"wp:attachment":[{"href":"https:\/\/www.ifg.gr\/fr\/wp-json\/wp\/v2\/media?parent=64746"}],"wp:term":[{"taxonomy":"post_tag","embeddable":true,"href":"https:\/\/www.ifg.gr\/fr\/wp-json\/wp\/v2\/tags?post=64746"},{"taxonomy":"event_category","embeddable":true,"href":"https:\/\/www.ifg.gr\/fr\/wp-json\/wp\/v2\/event_category?post=64746"},{"taxonomy":"event_group","embeddable":true,"href":"https:\/\/www.ifg.gr\/fr\/wp-json\/wp\/v2\/event_group?post=64746"}],"curies":[{"name":"wp","href":"https:\/\/api.w.org\/{rel}","templated":true}]}}

Webinaire DELF &#8211; DALF/Sorbonne : Spécial Rentrée !

<p>Le Service des Examens et Certifications de l’Institut Français de Grèce organise un webinaire <strong>le mercredi 10 septembre</strong>, destiné aux professeurs, aux centres de langues ainsi qu’aux écoles qui préparent des candidats pour les examens des seules certifications officielles de la langue française.</p>
<p>Cette communication a pour but de fournir une information complète concernant les examens. Les participants auront la possibilité de poser des questions, d’exprimer leurs préoccupations et de demander des éclaircissements pour les certifications <strong>DELF, DALF, Sorbonne, TCF</strong> et <strong>CCI</strong>.</p>
<p>Veuillez-vous inscrire au webinaire en suivant le lien ci-dessous :<br />
<strong><a href="https://zoom.us/webinar/register/WN_Cqgpk6DESgmYHIQB5-BmcA" target="_blank" rel="noopener">https://zoom.us/webinar/register/WN_Cqgpk6DESgmYHIQB5-BmcA</a></strong></p>
<p><img loading="lazy" decoding="async" class="alignnone wp-image-53135" src="https://www.ifg.gr/wp-content/uploads/2023/09/VIBER_Service-des-Examens-et-des-Certifications_new_SORBONNEKitrino__4-Copie.jpg" alt="" width="500" height="389" srcset="https://www.ifg.gr/wp-content/uploads/2023/09/VIBER_Service-des-Examens-et-des-Certifications_new_SORBONNEKitrino__4-Copie.jpg 1500w, https://www.ifg.gr/wp-content/uploads/2023/09/VIBER_Service-des-Examens-et-des-Certifications_new_SORBONNEKitrino__4-Copie-768x598.jpg 768w, https://www.ifg.gr/wp-content/uploads/2023/09/VIBER_Service-des-Examens-et-des-Certifications_new_SORBONNEKitrino__4-Copie-1285x1000.jpg 1285w, https://www.ifg.gr/wp-content/uploads/2023/09/VIBER_Service-des-Examens-et-des-Certifications_new_SORBONNEKitrino__4-Copie-167x130.jpg 167w" sizes="auto, (max-width: 500px) 100vw, 500px" /></p>

<!-- This site is optimized with the Yoast SEO plugin v26.8 - https://yoast.com/product/yoast-seo-wordpress/ -->
<title>Webinaire DELF - DALF/Sorbonne : Spécial Rentrée !</title>
<meta name="description" content="Pour vous permettre de poser vos questions sur les certifications DELF-DALF/Sorbonne/TCF/CCI. Inscription obligatoire." />
<meta name="robots" content="index, follow, max-snippet:-1, max-image-preview:large, max-video-preview:-1" />
<link rel="canonical" href="https://www.ifg.gr/fr/events/webinaire-delf-dalf-sorbonne-special-rentree-2025/" />
<meta property="og:locale" content="fr_FR" />
<meta property="og:type" content="article" />
<meta property="og:title" content="Webinaire DELF - DALF/Sorbonne : Spécial Rentrée !" />
<meta property="og:description" content="Pour vous permettre de poser vos questions sur les certifications DELF-DALF/Sorbonne/TCF/CCI. Inscription obligatoire." />
<meta property="og:url" content="https://www.ifg.gr/fr/events/webinaire-delf-dalf-sorbonne-special-rentree-2025/" />
<meta property="og:site_name" content="IFG" />
<meta property="article:modified_time" content="2025-09-05T11:48:08+00:00" />
<meta property="og:image" content="https://www.ifg.gr/wp-content/uploads/2025/04/Examinateurs-1200-800.jpg" />
	<meta property="og:image:width" content="1200" />
	<meta property="og:image:height" content="800" />
	<meta property="og:image:type" content="image/jpeg" />
<meta name="twitter:card" content="summary_large_image" />
<meta name="twitter:label1" content="Durée de lecture estimée" />
	<meta name="twitter:data1" content="1 minute" />
<script type="application/ld+json" class="yoast-schema-graph">{"@context":"https://schema.org","@graph":[{"@type":"WebPage","@id":"https://www.ifg.gr/fr/events/webinaire-delf-dalf-sorbonne-special-rentree-2025/","url":"https://www.ifg.gr/fr/events/webinaire-delf-dalf-sorbonne-special-rentree-2025/","name":"Webinaire DELF - DALF/Sorbonne : Spécial Rentrée !","isPartOf":{"@id":"https://www.ifg.gr/#website"},"primaryImageOfPage":{"@id":"https://www.ifg.gr/fr/events/webinaire-delf-dalf-sorbonne-special-rentree-2025/#primaryimage"},"image":{"@id":"https://www.ifg.gr/fr/events/webinaire-delf-dalf-sorbonne-special-rentree-2025/#primaryimage"},"thumbnailUrl":"https://www.ifg.gr/wp-content/uploads/2025/04/Examinateurs-1200-800.jpg","datePublished":"2025-09-05T11:40:46+00:00","dateModified":"2025-09-05T11:48:08+00:00","description":"Pour vous permettre de poser vos questions sur les certifications DELF-DALF/Sorbonne/TCF/CCI. Inscription obligatoire.","breadcrumb":{"@id":"https://www.ifg.gr/fr/events/webinaire-delf-dalf-sorbonne-special-rentree-2025/#breadcrumb"},"inLanguage":"fr-FR","potentialAction":[{"@type":"ReadAction","target":["https://www.ifg.gr/fr/events/webinaire-delf-dalf-sorbonne-special-rentree-2025/"]}]},{"@type":"ImageObject","inLanguage":"fr-FR","@id":"https://www.ifg.gr/fr/events/webinaire-delf-dalf-sorbonne-special-rentree-2025/#primaryimage","url":"https://www.ifg.gr/wp-content/uploads/2025/04/Examinateurs-1200-800.jpg","contentUrl":"https://www.ifg.gr/wp-content/uploads/2025/04/Examinateurs-1200-800.jpg","width":1200,"height":800},{"@type":"BreadcrumbList","@id":"https://www.ifg.gr/fr/events/webinaire-delf-dalf-sorbonne-special-rentree-2025/#breadcrumb","itemListElement":[{"@type":"ListItem","position":1,"name":"Home","item":"https://www.ifg.gr/fr/"},{"@type":"ListItem","position":2,"name":"Events","item":"https://www.ifg.gr/events/"},{"@type":"ListItem","position":3,"name":"Webinaire DELF &#8211; DALF/Sorbonne : Spécial Rentrée !"}]},{"@type":"WebSite","@id":"https://www.ifg.gr/#website","url":"https://www.ifg.gr/","name":"IFG","description":"","potentialAction":[{"@type":"SearchAction","target":{"@type":"EntryPoint","urlTemplate":"https://www.ifg.gr/?s={search_term_string}"},"query-input":{"@type":"PropertyValueSpecification","valueRequired":true,"valueName":"search_term_string"}}],"inLanguage":"fr-FR"}]}</script>
<!-- / Yoast SEO plugin. -->

Webinaire DELF - DALF/Sorbonne : Spécial Rentrée !
